{"version":"1.0","provider_name":"Feuerwehr Passau - L\u00f6schzug Hauptwache","provider_url":"https:\/\/www.ffpassau.de\/hauptwache","author_name":"Markus Kornexl","author_url":"https:\/\/www.ffpassau.de\/hauptwache\/author\/markuskornexl\/","title":"\"Als Helfer unverzichtbar\" - 21.875 Stunden f\u00fcr Eins\u00e4tze, \u00dcbungen und Vereinsarbeit - Feuerwehr Passau - L\u00f6schzug Hauptwache","type":"rich","width":600,"height":338,"html":"<blockquote class=\"wp-embedded-content\" data-secret=\"Pt4Nlhnj82\"><a href=\"https:\/\/www.ffpassau.de\/hauptwache\/2020\/02\/27\/als-helfer-unverzichtbar\/\">&#8222;Als Helfer unverzichtbar&#8220; &#8211; 21.875 Stunden f\u00fcr Eins\u00e4tze, \u00dcbungen und Vereinsarbeit<\/a><\/blockquote><iframe sandbox=\"allow-scripts\" security=\"restricted\" src=\"https:\/\/www.ffpassau.de\/hauptwache\/2020\/02\/27\/als-helfer-unverzichtbar\/embed\/#?secret=Pt4Nlhnj82\" width=\"600\" height=\"338\" title=\"&#8222;&#8222;Als Helfer unverzichtbar&#8220; &#8211; 21.875 Stunden f\u00fcr Eins\u00e4tze, \u00dcbungen und Vereinsarbeit&#8220; &#8211; Feuerwehr Passau - L\u00f6schzug Hauptwache\" data-secret=\"Pt4Nlhnj82\" frameborder=\"0\" marginwidth=\"0\" marginheight=\"0\" scrolling=\"no\" class=\"wp-embedded-content\"><\/iframe><script type=\"text\/javascript\">\n\/* <![CDATA[ *\/\n\/*! This file is auto-generated *\/\n!function(d,l){\"use strict\";l.querySelector&&d.addEventListener&&\"undefined\"!=typeof URL&&(d.wp=d.wp||{},d.wp.receiveEmbedMessage||(d.wp.receiveEmbedMessage=function(e){var t=e.data;if((t||t.secret||t.message||t.value)&&!\/[^a-zA-Z0-9]\/.test(t.secret)){for(var s,r,n,a=l.querySelectorAll('iframe[data-secret=\"'+t.secret+'\"]'),o=l.querySelectorAll('blockquote[data-secret=\"'+t.secret+'\"]'),c=new RegExp(\"^https?:$\",\"i\"),i=0;i<o.length;i++)o[i].style.display=\"none\";for(i=0;i<a.length;i++)s=a[i],e.source===s.contentWindow&&(s.removeAttribute(\"style\"),\"height\"===t.message?(1e3<(r=parseInt(t.value,10))?r=1e3:~~r<200&&(r=200),s.height=r):\"link\"===t.message&&(r=new URL(s.getAttribute(\"src\")),n=new URL(t.value),c.test(n.protocol))&&n.host===r.host&&l.activeElement===s&&(d.top.location.href=t.value))}},d.addEventListener(\"message\",d.wp.receiveEmbedMessage,!1),l.addEventListener(\"DOMContentLoaded\",function(){for(var e,t,s=l.querySelectorAll(\"iframe.wp-embedded-content\"),r=0;r<s.length;r++)(t=(e=s[r]).getAttribute(\"data-secret\"))||(t=Math.random().toString(36).substring(2,12),e.src+=\"#?secret=\"+t,e.setAttribute(\"data-secret\",t)),e.contentWindow.postMessage({message:\"ready\",secret:t},\"*\")},!1)))}(window,document);\n\/* ]]> *\/\n<\/script>\n","thumbnail_url":"https:\/\/www.ffpassau.de\/hauptwache\/wp-content\/uploads\/sites\/4\/2020\/02\/2019-10-18_mk_ffp_Ueb_Dom_Passau_-39.jpg","thumbnail_width":800,"thumbnail_height":533,"description":"L\u00f6schzug Hauptwache w\u00e4hlt Manfred Fasching zum Vorstand 21.875 Stunden f\u00fcr Eins\u00e4tze, \u00dcbungen und Vereinsarbeit &#8222;Die geleisteten Stunden sprechen eine eigene Sprache.&#8220; J\u00fcrgen Dupper, Oberb\u00fcrgermeister Wie wertvoll die Arbeit der ehrenamtlichen Feuerwehren f\u00fcr die Stadt ist, belegt allein schon die Statistik: Auf 5.842 Stunden bei 384 Eins\u00e4tzen brachten es 2019 die Aktiven, 21.875 sind es, rechnet man \u00dcbungen und Vereinsaktivit\u00e4ten mit dazu. Auch wenn in Passau noch alles im Lot scheint, mahnte Stadtbrandrat Andreas Dittlmann doch vor einer schwierigen Zukunft, zum einen wegen des st\u00e4ndigen Kampfes um den Nachwuchs, zum anderen wegen mangelnder Unterst\u00fctzung staatlicherseits. Dass die Passauer M\u00e4nner und Frauen der Hauptwache f\u00fcr ihre Wehr vollen Einsatz zeigen, bewiesen die Vorstandswahlen, bei denen es stolze drei Kampfabstimmungen gab. Es ist Vorwahlzeit: Statt der vier, f\u00fcnf Stadtr\u00e4te, die sonst bei Jahresversammlungen zu Gast sind, waren es diesmal 17, die der Einladung [&hellip;]"}

Feuerwehr Passau - Löschzug Hauptwache

"Als Helfer unverzichtbar" - 21.875 Stunden für Einsätze, Übungen und Vereinsarbeit - Feuerwehr Passau - Löschzug Hauptwache

<blockquote class="wp-embedded-content" data-secret="Pt4Nlhnj82"><a href="https://www.ffpassau.de/hauptwache/2020/02/27/als-helfer-unverzichtbar/">&#8222;Als Helfer unverzichtbar&#8220; &#8211; 21.875 Stunden für Einsätze, Übungen und Vereinsarbeit</a></blockquote><iframe sandbox="allow-scripts" security="restricted" src="https://www.ffpassau.de/hauptwache/2020/02/27/als-helfer-unverzichtbar/embed/#?secret=Pt4Nlhnj82" width="600" height="338" title="&#8222;&#8222;Als Helfer unverzichtbar&#8220; &#8211; 21.875 Stunden für Einsätze, Übungen und Vereinsarbeit&#8220; &#8211; Feuerwehr Passau - Löschzug Hauptwache" data-secret="Pt4Nlhnj82" frameborder="0" marginwidth="0" marginheight="0" scrolling="no" class="wp-embedded-content"></iframe><script type="text/javascript">
/* <![CDATA[ */
/*! This file is auto-generated */
!function(d,l){"use strict";l.querySelector&&d.addEventListener&&"undefined"!=typeof URL&&(d.wp=d.wp||{},d.wp.receiveEmbedMessage||(d.wp.receiveEmbedMessage=function(e){var t=e.data;if((t||t.secret||t.message||t.value)&&!/[^a-zA-Z0-9]/.test(t.secret)){for(var s,r,n,a=l.querySelectorAll('iframe[data-secret="'+t.secret+'"]'),o=l.querySelectorAll('blockquote[data-secret="'+t.secret+'"]'),c=new RegExp("^https?:$","i"),i=0;i<o.length;i++)o[i].style.display="none";for(i=0;i<a.length;i++)s=a[i],e.source===s.contentWindow&&(s.removeAttribute("style"),"height"===t.message?(1e3<(r=parseInt(t.value,10))?r=1e3:~~r<200&&(r=200),s.height=r):"link"===t.message&&(r=new URL(s.getAttribute("src")),n=new URL(t.value),c.test(n.protocol))&&n.host===r.host&&l.activeElement===s&&(d.top.location.href=t.value))}},d.addEventListener("message",d.wp.receiveEmbedMessage,!1),l.addEventListener("DOMContentLoaded",function(){for(var e,t,s=l.querySelectorAll("iframe.wp-embedded-content"),r=0;r<s.length;r++)(t=(e=s[r]).getAttribute("data-secret"))||(t=Math.random().toString(36).substring(2,12),e.src+="#?secret="+t,e.setAttribute("data-secret",t)),e.contentWindow.postMessage({message:"ready",secret:t},"*")},!1)))}(window,document);
/* ]]> */
</script>

Löschzug Hauptwache wählt Manfred Fasching zum Vorstand 21.875 Stunden für Einsätze, Übungen und Vereinsarbeit &#8222;Die geleisteten Stunden sprechen eine eigene Sprache.&#8220; Jürgen Dupper, Oberbürgermeister Wie wertvoll die Arbeit der ehrenamtlichen Feuerwehren für die Stadt ist, belegt allein schon die Statistik: Auf 5.842 Stunden bei 384 Einsätzen brachten es 2019 die Aktiven, 21.875 sind es, rechnet man Übungen und Vereinsaktivitäten mit dazu. Auch wenn in Passau noch alles im Lot scheint, mahnte Stadtbrandrat Andreas Dittlmann doch vor einer schwierigen Zukunft, zum einen wegen des ständigen Kampfes um den Nachwuchs, zum anderen wegen mangelnder Unterstützung staatlicherseits. Dass die Passauer Männer und Frauen der Hauptwache für ihre Wehr vollen Einsatz zeigen, bewiesen die Vorstandswahlen, bei denen es stolze drei Kampfabstimmungen gab. Es ist Vorwahlzeit: Statt der vier, fünf Stadträte, die sonst bei Jahresversammlungen zu Gast sind, waren es diesmal 17, die der Einladung [&hellip;]
