{"version":"1.0","provider_name":"Feuerwehr Passau - L\u00f6schzug Hauptwache","provider_url":"https:\/\/www.ffpassau.de\/hauptwache","author_name":"Markus Kornexl","author_url":"https:\/\/www.ffpassau.de\/hauptwache\/author\/markuskornexl\/","title":"Brandgefahr beim Maskenreinigen in der Mikrowelle - Feuerwehr Passau - L\u00f6schzug Hauptwache","type":"rich","width":600,"height":338,"html":"<blockquote class=\"wp-embedded-content\" data-secret=\"e6z9tdAMzP\"><a href=\"https:\/\/www.ffpassau.de\/hauptwache\/2020\/04\/23\/526\/\">Brandgefahr beim Maskenreinigen in der Mikrowelle<\/a><\/blockquote><iframe sandbox=\"allow-scripts\" security=\"restricted\" src=\"https:\/\/www.ffpassau.de\/hauptwache\/2020\/04\/23\/526\/embed\/#?secret=e6z9tdAMzP\" width=\"600\" height=\"338\" title=\"&#8222;Brandgefahr beim Maskenreinigen in der Mikrowelle&#8220; &#8211; Feuerwehr Passau - L\u00f6schzug Hauptwache\" data-secret=\"e6z9tdAMzP\" frameborder=\"0\" marginwidth=\"0\" marginheight=\"0\" scrolling=\"no\" class=\"wp-embedded-content\"><\/iframe><script type=\"text\/javascript\">\n\/* <![CDATA[ *\/\n\/*! This file is auto-generated *\/\n!function(d,l){\"use strict\";l.querySelector&&d.addEventListener&&\"undefined\"!=typeof URL&&(d.wp=d.wp||{},d.wp.receiveEmbedMessage||(d.wp.receiveEmbedMessage=function(e){var t=e.data;if((t||t.secret||t.message||t.value)&&!\/[^a-zA-Z0-9]\/.test(t.secret)){for(var s,r,n,a=l.querySelectorAll('iframe[data-secret=\"'+t.secret+'\"]'),o=l.querySelectorAll('blockquote[data-secret=\"'+t.secret+'\"]'),c=new RegExp(\"^https?:$\",\"i\"),i=0;i<o.length;i++)o[i].style.display=\"none\";for(i=0;i<a.length;i++)s=a[i],e.source===s.contentWindow&&(s.removeAttribute(\"style\"),\"height\"===t.message?(1e3<(r=parseInt(t.value,10))?r=1e3:~~r<200&&(r=200),s.height=r):\"link\"===t.message&&(r=new URL(s.getAttribute(\"src\")),n=new URL(t.value),c.test(n.protocol))&&n.host===r.host&&l.activeElement===s&&(d.top.location.href=t.value))}},d.addEventListener(\"message\",d.wp.receiveEmbedMessage,!1),l.addEventListener(\"DOMContentLoaded\",function(){for(var e,t,s=l.querySelectorAll(\"iframe.wp-embedded-content\"),r=0;r<s.length;r++)(t=(e=s[r]).getAttribute(\"data-secret\"))||(t=Math.random().toString(36).substring(2,12),e.src+=\"#?secret=\"+t,e.setAttribute(\"data-secret\",t)),e.contentWindow.postMessage({message:\"ready\",secret:t},\"*\")},!1)))}(window,document);\n\/* ]]> *\/\n<\/script>\n","thumbnail_url":"https:\/\/www.ffpassau.de\/hauptwache\/wp-content\/uploads\/sites\/4\/2020\/04\/20200423_154958-rotated.jpg","thumbnail_width":1272,"thumbnail_height":954,"description":"In Bayern ist es durch Gesichtsmasken bereits mehrfach zu Feuerwehreins\u00e4tzen gekommen. Viele der angebotenen und benutzten Gesichtsmasken besitzen als Verst\u00e4rkung im Nasenbereich einen Drahtb\u00fcgel aus Metall. Diese Masken d\u00fcrfen zur Reinigung NICHT in die Mikrowelle!\u00a0Durch den Draht kann es zu heftiger Funkenbildung kommen, welche die Mikrowelle in Brand setzen kann. Nutzen Sie daher eine andere M\u00f6glichkeit zur Reinigung der Masken. Empfohlen wird zum Beispiel die Masken zu b\u00fcgeln oder bei 60 Grad in der Waschmaschine zu waschen."}

Feuerwehr Passau - Löschzug Hauptwache

Brandgefahr beim Maskenreinigen in der Mikrowelle - Feuerwehr Passau - Löschzug Hauptwache

<blockquote class="wp-embedded-content" data-secret="e6z9tdAMzP"><a href="https://www.ffpassau.de/hauptwache/2020/04/23/526/">Brandgefahr beim Maskenreinigen in der Mikrowelle</a></blockquote><iframe sandbox="allow-scripts" security="restricted" src="https://www.ffpassau.de/hauptwache/2020/04/23/526/embed/#?secret=e6z9tdAMzP" width="600" height="338" title="&#8222;Brandgefahr beim Maskenreinigen in der Mikrowelle&#8220; &#8211; Feuerwehr Passau - Löschzug Hauptwache" data-secret="e6z9tdAMzP" frameborder="0" marginwidth="0" marginheight="0" scrolling="no" class="wp-embedded-content"></iframe><script type="text/javascript">
/* <![CDATA[ */
/*! This file is auto-generated */
!function(d,l){"use strict";l.querySelector&&d.addEventListener&&"undefined"!=typeof URL&&(d.wp=d.wp||{},d.wp.receiveEmbedMessage||(d.wp.receiveEmbedMessage=function(e){var t=e.data;if((t||t.secret||t.message||t.value)&&!/[^a-zA-Z0-9]/.test(t.secret)){for(var s,r,n,a=l.querySelectorAll('iframe[data-secret="'+t.secret+'"]'),o=l.querySelectorAll('blockquote[data-secret="'+t.secret+'"]'),c=new RegExp("^https?:$","i"),i=0;i<o.length;i++)o[i].style.display="none";for(i=0;i<a.length;i++)s=a[i],e.source===s.contentWindow&&(s.removeAttribute("style"),"height"===t.message?(1e3<(r=parseInt(t.value,10))?r=1e3:~~r<200&&(r=200),s.height=r):"link"===t.message&&(r=new URL(s.getAttribute("src")),n=new URL(t.value),c.test(n.protocol))&&n.host===r.host&&l.activeElement===s&&(d.top.location.href=t.value))}},d.addEventListener("message",d.wp.receiveEmbedMessage,!1),l.addEventListener("DOMContentLoaded",function(){for(var e,t,s=l.querySelectorAll("iframe.wp-embedded-content"),r=0;r<s.length;r++)(t=(e=s[r]).getAttribute("data-secret"))||(t=Math.random().toString(36).substring(2,12),e.src+="#?secret="+t,e.setAttribute("data-secret",t)),e.contentWindow.postMessage({message:"ready",secret:t},"*")},!1)))}(window,document);
/* ]]> */
</script>

In Bayern ist es durch Gesichtsmasken bereits mehrfach zu Feuerwehreinsätzen gekommen. Viele der angebotenen und benutzten Gesichtsmasken besitzen als Verstärkung im Nasenbereich einen Drahtbügel aus Metall. Diese Masken dürfen zur Reinigung NICHT in die Mikrowelle! Durch den Draht kann es zu heftiger Funkenbildung kommen, welche die Mikrowelle in Brand setzen kann. Nutzen Sie daher eine andere Möglichkeit zur Reinigung der Masken. Empfohlen wird zum Beispiel die Masken zu bügeln oder bei 60 Grad in der Waschmaschine zu waschen.
