{"version":"1.0","provider_name":"Feuerwehr Passau - L\u00f6schzug Hauptwache","provider_url":"https:\/\/www.ffpassau.de\/hauptwache","author_name":"Markus Kornexl","author_url":"https:\/\/www.ffpassau.de\/hauptwache\/author\/markuskornexl\/","title":"Ein stilles \u00d6rtchen f\u00fcr besondere Notf\u00e4lle - Feuerwehr Passau - L\u00f6schzug Hauptwache","type":"rich","width":600,"height":338,"html":"<blockquote class=\"wp-embedded-content\" data-secret=\"6xBnHs6jDJ\"><a href=\"https:\/\/www.ffpassau.de\/hauptwache\/2022\/10\/28\/ein-stilles-oertchen-fuer-besondere-notfaelle\/\">Ein stilles \u00d6rtchen f\u00fcr besondere Notf\u00e4lle<\/a><\/blockquote><iframe sandbox=\"allow-scripts\" security=\"restricted\" src=\"https:\/\/www.ffpassau.de\/hauptwache\/2022\/10\/28\/ein-stilles-oertchen-fuer-besondere-notfaelle\/embed\/#?secret=6xBnHs6jDJ\" width=\"600\" height=\"338\" title=\"&#8222;Ein stilles \u00d6rtchen f\u00fcr besondere Notf\u00e4lle&#8220; &#8211; Feuerwehr Passau - L\u00f6schzug Hauptwache\" data-secret=\"6xBnHs6jDJ\" frameborder=\"0\" marginwidth=\"0\" marginheight=\"0\" scrolling=\"no\" class=\"wp-embedded-content\"><\/iframe><script type=\"text\/javascript\">\n\/* <![CDATA[ *\/\n\/*! This file is auto-generated *\/\n!function(d,l){\"use strict\";l.querySelector&&d.addEventListener&&\"undefined\"!=typeof URL&&(d.wp=d.wp||{},d.wp.receiveEmbedMessage||(d.wp.receiveEmbedMessage=function(e){var t=e.data;if((t||t.secret||t.message||t.value)&&!\/[^a-zA-Z0-9]\/.test(t.secret)){for(var s,r,n,a=l.querySelectorAll('iframe[data-secret=\"'+t.secret+'\"]'),o=l.querySelectorAll('blockquote[data-secret=\"'+t.secret+'\"]'),c=new RegExp(\"^https?:$\",\"i\"),i=0;i<o.length;i++)o[i].style.display=\"none\";for(i=0;i<a.length;i++)s=a[i],e.source===s.contentWindow&&(s.removeAttribute(\"style\"),\"height\"===t.message?(1e3<(r=parseInt(t.value,10))?r=1e3:~~r<200&&(r=200),s.height=r):\"link\"===t.message&&(r=new URL(s.getAttribute(\"src\")),n=new URL(t.value),c.test(n.protocol))&&n.host===r.host&&l.activeElement===s&&(d.top.location.href=t.value))}},d.addEventListener(\"message\",d.wp.receiveEmbedMessage,!1),l.addEventListener(\"DOMContentLoaded\",function(){for(var e,t,s=l.querySelectorAll(\"iframe.wp-embedded-content\"),r=0;r<s.length;r++)(t=(e=s[r]).getAttribute(\"data-secret\"))||(t=Math.random().toString(36).substring(2,12),e.src+=\"#?secret=\"+t,e.setAttribute(\"data-secret\",t)),e.contentWindow.postMessage({message:\"ready\",secret:t},\"*\")},!1)))}(window,document);\n\/* ]]> *\/\n<\/script>\n","thumbnail_url":"https:\/\/www.ffpassau.de\/hauptwache\/wp-content\/uploads\/sites\/4\/2022\/10\/2022-10-08_EasyToi_1.jpg","thumbnail_width":1920,"thumbnail_height":1445,"description":"Dass ein Feuerwehrmann w\u00e4hrend eines Einsatzes mal \u201emuss\u201c, liegt auf der Hand. Das erste Fahrzeug r\u00fcckt nur wenige Minuten nach Alarmierung aus. Wenige Minuten, in denen ein Mitglied der Wehr Nachts aufwacht, aufsteht, sich anzieht, zur Wache f\u00e4hrt, sich dort umzieht, ins Feuerwehrauto steigt und sich zum Einsatzort begibt. Bei diesem Zeitplan versteht sich von selbst, wof\u00fcr (oftmals) keine Zeit mehr bleibt. Das mag auf den ersten Blick skurril wirken. Ist aber eine ernstzunehmende Angelegenheit. Speziell dann, wenn abzusehen ist, dass ein Einsatz l\u00e4nger andauert. Und weit und breit kein Pl\u00e4tzchen f\u00fcr das dringende Bed\u00fcrfnis da ist. \u00dcber die Jahre hat sich gezeigt, dass auch oder gerade bei gr\u00f6\u00dferen Schadenslagen der Bedarf besteht, ein stilles \u00d6rtchen nahe dem Einsatzgeschehen zu wissen. Gerade nicht vorhandene Toilettenkonzepte f\u00fcr unsere weiblichen Kameradinnen sollten damit ebenso endg\u00fcltig der Vergangenheit angeh\u00f6ren. Unsere L\u00f6sung bietet das [&hellip;]"}

Feuerwehr Passau - Löschzug Hauptwache

Ein stilles Örtchen für besondere Notfälle - Feuerwehr Passau - Löschzug Hauptwache

<blockquote class="wp-embedded-content" data-secret="6xBnHs6jDJ"><a href="https://www.ffpassau.de/hauptwache/2022/10/28/ein-stilles-oertchen-fuer-besondere-notfaelle/">Ein stilles Örtchen für besondere Notfälle</a></blockquote><iframe sandbox="allow-scripts" security="restricted" src="https://www.ffpassau.de/hauptwache/2022/10/28/ein-stilles-oertchen-fuer-besondere-notfaelle/embed/#?secret=6xBnHs6jDJ" width="600" height="338" title="&#8222;Ein stilles Örtchen für besondere Notfälle&#8220; &#8211; Feuerwehr Passau - Löschzug Hauptwache" data-secret="6xBnHs6jDJ" frameborder="0" marginwidth="0" marginheight="0" scrolling="no" class="wp-embedded-content"></iframe><script type="text/javascript">
/* <![CDATA[ */
/*! This file is auto-generated */
!function(d,l){"use strict";l.querySelector&&d.addEventListener&&"undefined"!=typeof URL&&(d.wp=d.wp||{},d.wp.receiveEmbedMessage||(d.wp.receiveEmbedMessage=function(e){var t=e.data;if((t||t.secret||t.message||t.value)&&!/[^a-zA-Z0-9]/.test(t.secret)){for(var s,r,n,a=l.querySelectorAll('iframe[data-secret="'+t.secret+'"]'),o=l.querySelectorAll('blockquote[data-secret="'+t.secret+'"]'),c=new RegExp("^https?:$","i"),i=0;i<o.length;i++)o[i].style.display="none";for(i=0;i<a.length;i++)s=a[i],e.source===s.contentWindow&&(s.removeAttribute("style"),"height"===t.message?(1e3<(r=parseInt(t.value,10))?r=1e3:~~r<200&&(r=200),s.height=r):"link"===t.message&&(r=new URL(s.getAttribute("src")),n=new URL(t.value),c.test(n.protocol))&&n.host===r.host&&l.activeElement===s&&(d.top.location.href=t.value))}},d.addEventListener("message",d.wp.receiveEmbedMessage,!1),l.addEventListener("DOMContentLoaded",function(){for(var e,t,s=l.querySelectorAll("iframe.wp-embedded-content"),r=0;r<s.length;r++)(t=(e=s[r]).getAttribute("data-secret"))||(t=Math.random().toString(36).substring(2,12),e.src+="#?secret="+t,e.setAttribute("data-secret",t)),e.contentWindow.postMessage({message:"ready",secret:t},"*")},!1)))}(window,document);
/* ]]> */
</script>

Dass ein Feuerwehrmann während eines Einsatzes mal „muss“, liegt auf der Hand. Das erste Fahrzeug rückt nur wenige Minuten nach Alarmierung aus. Wenige Minuten, in denen ein Mitglied der Wehr Nachts aufwacht, aufsteht, sich anzieht, zur Wache fährt, sich dort umzieht, ins Feuerwehrauto steigt und sich zum Einsatzort begibt. Bei diesem Zeitplan versteht sich von selbst, wofür (oftmals) keine Zeit mehr bleibt. Das mag auf den ersten Blick skurril wirken. Ist aber eine ernstzunehmende Angelegenheit. Speziell dann, wenn abzusehen ist, dass ein Einsatz länger andauert. Und weit und breit kein Plätzchen für das dringende Bedürfnis da ist. Über die Jahre hat sich gezeigt, dass auch oder gerade bei größeren Schadenslagen der Bedarf besteht, ein stilles Örtchen nahe dem Einsatzgeschehen zu wissen. Gerade nicht vorhandene Toilettenkonzepte für unsere weiblichen Kameradinnen sollten damit ebenso endgültig der Vergangenheit angehören. Unsere Lösung bietet das [&hellip;]
