{"version":"1.0","provider_name":"Feuerwehr Passau - L\u00f6schzug Ilzstadt","provider_url":"https:\/\/www.ffpassau.de\/ilzstadt","author_name":"Feuerwehr Passau - L\u00f6schzug Ilzstadt","author_url":"https:\/\/www.ffpassau.de\/ilzstadt","title":"Vereinsausflug auf den gro\u00dfen Falkenstein - Feuerwehr Passau - L\u00f6schzug Ilzstadt","type":"rich","width":600,"height":338,"html":"<blockquote class=\"wp-embedded-content\" data-secret=\"Z9BxVZyzZN\"><a href=\"https:\/\/www.ffpassau.de\/ilzstadt\/2013\/12\/13\/vereinsausflug-auf-den-grossen-falkenstein\/\">Vereinsausflug auf den gro\u00dfen Falkenstein<\/a><\/blockquote><iframe sandbox=\"allow-scripts\" security=\"restricted\" src=\"https:\/\/www.ffpassau.de\/ilzstadt\/2013\/12\/13\/vereinsausflug-auf-den-grossen-falkenstein\/embed\/#?secret=Z9BxVZyzZN\" width=\"600\" height=\"338\" title=\"&#8222;Vereinsausflug auf den gro\u00dfen Falkenstein&#8220; &#8211; Feuerwehr Passau - L\u00f6schzug Ilzstadt\" data-secret=\"Z9BxVZyzZN\" frameborder=\"0\" marginwidth=\"0\" marginheight=\"0\" scrolling=\"no\" class=\"wp-embedded-content\"><\/iframe><script type=\"text\/javascript\">\n\/* <![CDATA[ *\/\n\/*! This file is auto-generated *\/\n!function(d,l){\"use strict\";l.querySelector&&d.addEventListener&&\"undefined\"!=typeof URL&&(d.wp=d.wp||{},d.wp.receiveEmbedMessage||(d.wp.receiveEmbedMessage=function(e){var t=e.data;if((t||t.secret||t.message||t.value)&&!\/[^a-zA-Z0-9]\/.test(t.secret)){for(var s,r,n,a=l.querySelectorAll('iframe[data-secret=\"'+t.secret+'\"]'),o=l.querySelectorAll('blockquote[data-secret=\"'+t.secret+'\"]'),c=new RegExp(\"^https?:$\",\"i\"),i=0;i<o.length;i++)o[i].style.display=\"none\";for(i=0;i<a.length;i++)s=a[i],e.source===s.contentWindow&&(s.removeAttribute(\"style\"),\"height\"===t.message?(1e3<(r=parseInt(t.value,10))?r=1e3:~~r<200&&(r=200),s.height=r):\"link\"===t.message&&(r=new URL(s.getAttribute(\"src\")),n=new URL(t.value),c.test(n.protocol))&&n.host===r.host&&l.activeElement===s&&(d.top.location.href=t.value))}},d.addEventListener(\"message\",d.wp.receiveEmbedMessage,!1),l.addEventListener(\"DOMContentLoaded\",function(){for(var e,t,s=l.querySelectorAll(\"iframe.wp-embedded-content\"),r=0;r<s.length;r++)(t=(e=s[r]).getAttribute(\"data-secret\"))||(t=Math.random().toString(36).substring(2,12),e.src+=\"#?secret=\"+t,e.setAttribute(\"data-secret\",t)),e.contentWindow.postMessage({message:\"ready\",secret:t},\"*\")},!1)))}(window,document);\n\/* ]]> *\/\n<\/script>\n","thumbnail_url":"https:\/\/www.ffpassau.de\/ilzstadt\/wp-content\/uploads\/sites\/3\/2020\/03\/Vereinsausflug-auf-den-gro\u00dfen-Falkenstein.jpg","thumbnail_width":345,"thumbnail_height":480,"description":"Der diesj\u00e4hrige Vereinsausflug f\u00fchrte uns auf den Gipfel des gro\u00dfen Falkensteins. Bepackt mit Proviant und guter Laune machte sich eine sch\u00f6ne Gruppe, begleitet von wunderbarem Wanderwetter, auf dem Weg Richtung Gipfel. Nach ca. dreist\u00fcndigen Anstieg durch das sch\u00f6ne H\u00f6llbachgespreng konnte dieser dann erreicht werden. Oben wurde mit einer deftigen Jausen wieder Kraft getankt und das Gipfelkreuz erobert. \u00dcber die &#8222;Schachten&#8220; wurde dann der Heimweg angetreten. Es war ein richtig sch\u00f6ner Ausflug, der allen gefallen hat, auch wenn einer (wir wollen keine Namen nennen- gell Fredi!), aufgrund der enormen Belastung :), seine Schuhsohlen am Berg zur\u00fccklassen musste."}

Feuerwehr Passau - Löschzug Ilzstadt

Vereinsausflug auf den großen Falkenstein - Feuerwehr Passau - Löschzug Ilzstadt

<blockquote class="wp-embedded-content" data-secret="Z9BxVZyzZN"><a href="https://www.ffpassau.de/ilzstadt/2013/12/13/vereinsausflug-auf-den-grossen-falkenstein/">Vereinsausflug auf den großen Falkenstein</a></blockquote><iframe sandbox="allow-scripts" security="restricted" src="https://www.ffpassau.de/ilzstadt/2013/12/13/vereinsausflug-auf-den-grossen-falkenstein/embed/#?secret=Z9BxVZyzZN" width="600" height="338" title="&#8222;Vereinsausflug auf den großen Falkenstein&#8220; &#8211; Feuerwehr Passau - Löschzug Ilzstadt" data-secret="Z9BxVZyzZN" frameborder="0" marginwidth="0" marginheight="0" scrolling="no" class="wp-embedded-content"></iframe><script type="text/javascript">
/* <![CDATA[ */
/*! This file is auto-generated */
!function(d,l){"use strict";l.querySelector&&d.addEventListener&&"undefined"!=typeof URL&&(d.wp=d.wp||{},d.wp.receiveEmbedMessage||(d.wp.receiveEmbedMessage=function(e){var t=e.data;if((t||t.secret||t.message||t.value)&&!/[^a-zA-Z0-9]/.test(t.secret)){for(var s,r,n,a=l.querySelectorAll('iframe[data-secret="'+t.secret+'"]'),o=l.querySelectorAll('blockquote[data-secret="'+t.secret+'"]'),c=new RegExp("^https?:$","i"),i=0;i<o.length;i++)o[i].style.display="none";for(i=0;i<a.length;i++)s=a[i],e.source===s.contentWindow&&(s.removeAttribute("style"),"height"===t.message?(1e3<(r=parseInt(t.value,10))?r=1e3:~~r<200&&(r=200),s.height=r):"link"===t.message&&(r=new URL(s.getAttribute("src")),n=new URL(t.value),c.test(n.protocol))&&n.host===r.host&&l.activeElement===s&&(d.top.location.href=t.value))}},d.addEventListener("message",d.wp.receiveEmbedMessage,!1),l.addEventListener("DOMContentLoaded",function(){for(var e,t,s=l.querySelectorAll("iframe.wp-embedded-content"),r=0;r<s.length;r++)(t=(e=s[r]).getAttribute("data-secret"))||(t=Math.random().toString(36).substring(2,12),e.src+="#?secret="+t,e.setAttribute("data-secret",t)),e.contentWindow.postMessage({message:"ready",secret:t},"*")},!1)))}(window,document);
/* ]]> */
</script>

https://www.ffpassau.de/ilzstadt/wp-content/uploads/sites/3/2020/03/Vereinsausflug-auf-den-großen-Falkenstein.jpg

Der diesjährige Vereinsausflug führte uns auf den Gipfel des großen Falkensteins. Bepackt mit Proviant und guter Laune machte sich eine schöne Gruppe, begleitet von wunderbarem Wanderwetter, auf dem Weg Richtung Gipfel. Nach ca. dreistündigen Anstieg durch das schöne Höllbachgespreng konnte dieser dann erreicht werden. Oben wurde mit einer deftigen Jausen wieder Kraft getankt und das Gipfelkreuz erobert. Über die &#8222;Schachten&#8220; wurde dann der Heimweg angetreten. Es war ein richtig schöner Ausflug, der allen gefallen hat, auch wenn einer (wir wollen keine Namen nennen- gell Fredi!), aufgrund der enormen Belastung :), seine Schuhsohlen am Berg zurücklassen musste.
