{"version":"1.0","provider_name":"Feuerwehr Passau - L\u00f6schzug Ilzstadt","provider_url":"https:\/\/www.ffpassau.de\/ilzstadt","author_name":"Feuerwehr Passau - L\u00f6schzug Ilzstadt","author_url":"https:\/\/www.ffpassau.de\/ilzstadt","title":"Ilzstadt Wehr informiert sich \u00fcber Fahrzeugtechnik - Feuerwehr Passau - L\u00f6schzug Ilzstadt","type":"rich","width":600,"height":338,"html":"<blockquote class=\"wp-embedded-content\" data-secret=\"FmicD2JJps\"><a href=\"https:\/\/www.ffpassau.de\/ilzstadt\/2014\/10\/10\/ilzstadt-wehr-informiert-sich-ueber-fahrzeugtechnik\/\">Ilzstadt Wehr informiert sich \u00fcber Fahrzeugtechnik<\/a><\/blockquote><iframe sandbox=\"allow-scripts\" security=\"restricted\" src=\"https:\/\/www.ffpassau.de\/ilzstadt\/2014\/10\/10\/ilzstadt-wehr-informiert-sich-ueber-fahrzeugtechnik\/embed\/#?secret=FmicD2JJps\" width=\"600\" height=\"338\" title=\"&#8222;Ilzstadt Wehr informiert sich \u00fcber Fahrzeugtechnik&#8220; &#8211; Feuerwehr Passau - L\u00f6schzug Ilzstadt\" data-secret=\"FmicD2JJps\" frameborder=\"0\" marginwidth=\"0\" marginheight=\"0\" scrolling=\"no\" class=\"wp-embedded-content\"><\/iframe><script type=\"text\/javascript\">\n\/* <![CDATA[ *\/\n\/*! This file is auto-generated *\/\n!function(d,l){\"use strict\";l.querySelector&&d.addEventListener&&\"undefined\"!=typeof URL&&(d.wp=d.wp||{},d.wp.receiveEmbedMessage||(d.wp.receiveEmbedMessage=function(e){var t=e.data;if((t||t.secret||t.message||t.value)&&!\/[^a-zA-Z0-9]\/.test(t.secret)){for(var s,r,n,a=l.querySelectorAll('iframe[data-secret=\"'+t.secret+'\"]'),o=l.querySelectorAll('blockquote[data-secret=\"'+t.secret+'\"]'),c=new RegExp(\"^https?:$\",\"i\"),i=0;i<o.length;i++)o[i].style.display=\"none\";for(i=0;i<a.length;i++)s=a[i],e.source===s.contentWindow&&(s.removeAttribute(\"style\"),\"height\"===t.message?(1e3<(r=parseInt(t.value,10))?r=1e3:~~r<200&&(r=200),s.height=r):\"link\"===t.message&&(r=new URL(s.getAttribute(\"src\")),n=new URL(t.value),c.test(n.protocol))&&n.host===r.host&&l.activeElement===s&&(d.top.location.href=t.value))}},d.addEventListener(\"message\",d.wp.receiveEmbedMessage,!1),l.addEventListener(\"DOMContentLoaded\",function(){for(var e,t,s=l.querySelectorAll(\"iframe.wp-embedded-content\"),r=0;r<s.length;r++)(t=(e=s[r]).getAttribute(\"data-secret\"))||(t=Math.random().toString(36).substring(2,12),e.src+=\"#?secret=\"+t,e.setAttribute(\"data-secret\",t)),e.contentWindow.postMessage({message:\"ready\",secret:t},\"*\")},!1)))}(window,document);\n\/* ]]> *\/\n<\/script>\n","thumbnail_url":"https:\/\/www.ffpassau.de\/ilzstadt\/wp-content\/uploads\/sites\/3\/2020\/03\/Ilzstadt-Wehr-informiert-sich-\u00fcber-Fahrzeugtechnik.jpg","thumbnail_width":640,"thumbnail_height":480,"description":"Weltmarktf\u00fchrer informiert \u00fcber neueste Feuerwehrfahrzeugtechnik Auf Einladung von Kreisbrandmeister Rudolf Gst\u00f6ttl, dem Vertriebsleiter f\u00fcr Rosenbauer in Ostbayern, machte sich der L\u00f6schzug Ilzstadt auf den Weg nach Leonding bei Linz. Dort hat der Weltmarktf\u00fchrer in Sachen Feuerwehrfahrzeugtechnik seinen Hauptsitz. Nach einer kurzen Einf\u00fchrung in die Geschichte des 150 Jahre alten Traditionsunternehmens machte sich die 25 Teilnehmer, aufgeteilt in zwei Gruppen, auf den Weg durch die Produktionshallen. &#8222;Die Fa. Rosenbauer legt sehr gro\u00dfen Wert auf Qualit\u00e4t,&#8220; so Gst\u00f6ttl, &#8222;weshalb auch alle Teile von Anfang bis zum Schluss durch eine Person gefertigt werden, die die Qualit\u00e4t dann auch per Unterschrift bescheinigt. Akkordarbeit gibt es hier nicht!&#8220; Dass Qualit\u00e4t und Kundenzufriedenheit gro\u00df geschrieben werden, merkten die Ilzer Kameraden schnell, denn trotz der unz\u00e4hligen gleichen Fahrzeuge, merkte man im Detail immer wieder Unterschiede. &#8222;Kundenw\u00fcnsche werden bei uns immer sofort mit aufgenommen und eingearbeitet&#8220;, best\u00e4tigte Gst\u00f6ttl. [&hellip;]"}

Feuerwehr Passau - Löschzug Ilzstadt

Ilzstadt Wehr informiert sich über Fahrzeugtechnik - Feuerwehr Passau - Löschzug Ilzstadt

<blockquote class="wp-embedded-content" data-secret="FmicD2JJps"><a href="https://www.ffpassau.de/ilzstadt/2014/10/10/ilzstadt-wehr-informiert-sich-ueber-fahrzeugtechnik/">Ilzstadt Wehr informiert sich über Fahrzeugtechnik</a></blockquote><iframe sandbox="allow-scripts" security="restricted" src="https://www.ffpassau.de/ilzstadt/2014/10/10/ilzstadt-wehr-informiert-sich-ueber-fahrzeugtechnik/embed/#?secret=FmicD2JJps" width="600" height="338" title="&#8222;Ilzstadt Wehr informiert sich über Fahrzeugtechnik&#8220; &#8211; Feuerwehr Passau - Löschzug Ilzstadt" data-secret="FmicD2JJps" frameborder="0" marginwidth="0" marginheight="0" scrolling="no" class="wp-embedded-content"></iframe><script type="text/javascript">
/* <![CDATA[ */
/*! This file is auto-generated */
!function(d,l){"use strict";l.querySelector&&d.addEventListener&&"undefined"!=typeof URL&&(d.wp=d.wp||{},d.wp.receiveEmbedMessage||(d.wp.receiveEmbedMessage=function(e){var t=e.data;if((t||t.secret||t.message||t.value)&&!/[^a-zA-Z0-9]/.test(t.secret)){for(var s,r,n,a=l.querySelectorAll('iframe[data-secret="'+t.secret+'"]'),o=l.querySelectorAll('blockquote[data-secret="'+t.secret+'"]'),c=new RegExp("^https?:$","i"),i=0;i<o.length;i++)o[i].style.display="none";for(i=0;i<a.length;i++)s=a[i],e.source===s.contentWindow&&(s.removeAttribute("style"),"height"===t.message?(1e3<(r=parseInt(t.value,10))?r=1e3:~~r<200&&(r=200),s.height=r):"link"===t.message&&(r=new URL(s.getAttribute("src")),n=new URL(t.value),c.test(n.protocol))&&n.host===r.host&&l.activeElement===s&&(d.top.location.href=t.value))}},d.addEventListener("message",d.wp.receiveEmbedMessage,!1),l.addEventListener("DOMContentLoaded",function(){for(var e,t,s=l.querySelectorAll("iframe.wp-embedded-content"),r=0;r<s.length;r++)(t=(e=s[r]).getAttribute("data-secret"))||(t=Math.random().toString(36).substring(2,12),e.src+="#?secret="+t,e.setAttribute("data-secret",t)),e.contentWindow.postMessage({message:"ready",secret:t},"*")},!1)))}(window,document);
/* ]]> */
</script>

https://www.ffpassau.de/ilzstadt/wp-content/uploads/sites/3/2020/03/Ilzstadt-Wehr-informiert-sich-über-Fahrzeugtechnik.jpg

Weltmarktführer informiert über neueste Feuerwehrfahrzeugtechnik Auf Einladung von Kreisbrandmeister Rudolf Gstöttl, dem Vertriebsleiter für Rosenbauer in Ostbayern, machte sich der Löschzug Ilzstadt auf den Weg nach Leonding bei Linz. Dort hat der Weltmarktführer in Sachen Feuerwehrfahrzeugtechnik seinen Hauptsitz. Nach einer kurzen Einführung in die Geschichte des 150 Jahre alten Traditionsunternehmens machte sich die 25 Teilnehmer, aufgeteilt in zwei Gruppen, auf den Weg durch die Produktionshallen. &#8222;Die Fa. Rosenbauer legt sehr großen Wert auf Qualität,&#8220; so Gstöttl, &#8222;weshalb auch alle Teile von Anfang bis zum Schluss durch eine Person gefertigt werden, die die Qualität dann auch per Unterschrift bescheinigt. Akkordarbeit gibt es hier nicht!&#8220; Dass Qualität und Kundenzufriedenheit groß geschrieben werden, merkten die Ilzer Kameraden schnell, denn trotz der unzähligen gleichen Fahrzeuge, merkte man im Detail immer wieder Unterschiede. &#8222;Kundenwünsche werden bei uns immer sofort mit aufgenommen und eingearbeitet&#8220;, bestätigte Gstöttl. [&hellip;]
