{"version":"1.0","provider_name":"Feuerwehr Passau - L\u00f6schzug Ilzstadt","provider_url":"https:\/\/www.ffpassau.de\/ilzstadt","author_name":"Feuerwehr Passau - L\u00f6schzug Ilzstadt","author_url":"https:\/\/www.ffpassau.de\/ilzstadt","title":"Jahreshauptversammlung des L\u00f6chzugs Ilztadt 2014 - Feuerwehr Passau - L\u00f6schzug Ilzstadt","type":"rich","width":600,"height":338,"html":"<blockquote class=\"wp-embedded-content\" data-secret=\"AKb4m7JIGP\"><a href=\"https:\/\/www.ffpassau.de\/ilzstadt\/2014\/12\/17\/jahreshauptversammlung-des-loechzugs-ilztadt-2013\/\">Jahreshauptversammlung des L\u00f6chzugs Ilztadt 2014<\/a><\/blockquote><iframe sandbox=\"allow-scripts\" security=\"restricted\" src=\"https:\/\/www.ffpassau.de\/ilzstadt\/2014\/12\/17\/jahreshauptversammlung-des-loechzugs-ilztadt-2013\/embed\/#?secret=AKb4m7JIGP\" width=\"600\" height=\"338\" title=\"&#8222;Jahreshauptversammlung des L\u00f6chzugs Ilztadt 2014&#8220; &#8211; Feuerwehr Passau - L\u00f6schzug Ilzstadt\" data-secret=\"AKb4m7JIGP\" frameborder=\"0\" marginwidth=\"0\" marginheight=\"0\" scrolling=\"no\" class=\"wp-embedded-content\"><\/iframe><script type=\"text\/javascript\">\n\/* <![CDATA[ *\/\n\/*! This file is auto-generated *\/\n!function(d,l){\"use strict\";l.querySelector&&d.addEventListener&&\"undefined\"!=typeof URL&&(d.wp=d.wp||{},d.wp.receiveEmbedMessage||(d.wp.receiveEmbedMessage=function(e){var t=e.data;if((t||t.secret||t.message||t.value)&&!\/[^a-zA-Z0-9]\/.test(t.secret)){for(var s,r,n,a=l.querySelectorAll('iframe[data-secret=\"'+t.secret+'\"]'),o=l.querySelectorAll('blockquote[data-secret=\"'+t.secret+'\"]'),c=new RegExp(\"^https?:$\",\"i\"),i=0;i<o.length;i++)o[i].style.display=\"none\";for(i=0;i<a.length;i++)s=a[i],e.source===s.contentWindow&&(s.removeAttribute(\"style\"),\"height\"===t.message?(1e3<(r=parseInt(t.value,10))?r=1e3:~~r<200&&(r=200),s.height=r):\"link\"===t.message&&(r=new URL(s.getAttribute(\"src\")),n=new URL(t.value),c.test(n.protocol))&&n.host===r.host&&l.activeElement===s&&(d.top.location.href=t.value))}},d.addEventListener(\"message\",d.wp.receiveEmbedMessage,!1),l.addEventListener(\"DOMContentLoaded\",function(){for(var e,t,s=l.querySelectorAll(\"iframe.wp-embedded-content\"),r=0;r<s.length;r++)(t=(e=s[r]).getAttribute(\"data-secret\"))||(t=Math.random().toString(36).substring(2,12),e.src+=\"#?secret=\"+t,e.setAttribute(\"data-secret\",t)),e.contentWindow.postMessage({message:\"ready\",secret:t},\"*\")},!1)))}(window,document);\n\/* ]]> *\/\n<\/script>\n","thumbnail_url":"https:\/\/www.ffpassau.de\/ilzstadt\/wp-content\/uploads\/sites\/3\/2020\/03\/Jahreshauptversammlung-des-L\u00f6chzugs-Ilztadt-2013.jpg","thumbnail_width":640,"thumbnail_height":423,"description":"Jahreshauptversammlung des L\u00f6chzugs Ilztadt im Zeichen der Flut Viele Auszeichnungen und Positive Mitgliederstatistik Bereits der erste Eindruck beim Betreten des Ger\u00e4tehauses der Feuerwehr Passau L\u00f6schzug Ilzstadt gew\u00e4hrte Einblick in das dominierende Thema der diesj\u00e4hrigen Jahreshauptversammlung &#8211; das Jahrtausendhochwasser 2013. Trotz eines guten Baufortschritts musste die Vorsitzende Marina Nowak die Anwesenden in einem Feuerwehrhaus ohne T\u00fcren und T\u00fcrst\u00f6cke, ohne Vorh\u00e4nge, u.v.m. begr\u00fc\u00dfen. Der positiven Stimmung tat dies aber keinen Abbruch. Im Bericht des Vorstands konnte auf ein \u00e4u\u00dferst attraktives Vereinsleben mit Ausfl\u00fcgen, Wanderungen, Festen, u.v.m. hingewiesen werden. Auch die individuelle Kameradschaftspflege bei Hochzeiten, Geburten und runden Geburtstagen wurde positiv dargestellt. Ein besonderer Dank geb\u00fchrte auch Stadtrat Clemens Damberger, der sich sehr f\u00fcr den Ausbau der Parkpl\u00e4tze vor dem Ger\u00e4tehaus stark machte. Insbesondere die Zahlen f\u00fcr das Jahr 2013 zeigten die positive Entwicklung im L\u00f6schzug : durch eine sehr solide Finanzwirtschaft und [&hellip;]"}

Feuerwehr Passau - Löschzug Ilzstadt

Jahreshauptversammlung des Löchzugs Ilztadt 2014 - Feuerwehr Passau - Löschzug Ilzstadt

<blockquote class="wp-embedded-content" data-secret="AKb4m7JIGP"><a href="https://www.ffpassau.de/ilzstadt/2014/12/17/jahreshauptversammlung-des-loechzugs-ilztadt-2013/">Jahreshauptversammlung des Löchzugs Ilztadt 2014</a></blockquote><iframe sandbox="allow-scripts" security="restricted" src="https://www.ffpassau.de/ilzstadt/2014/12/17/jahreshauptversammlung-des-loechzugs-ilztadt-2013/embed/#?secret=AKb4m7JIGP" width="600" height="338" title="&#8222;Jahreshauptversammlung des Löchzugs Ilztadt 2014&#8220; &#8211; Feuerwehr Passau - Löschzug Ilzstadt" data-secret="AKb4m7JIGP" frameborder="0" marginwidth="0" marginheight="0" scrolling="no" class="wp-embedded-content"></iframe><script type="text/javascript">
/* <![CDATA[ */
/*! This file is auto-generated */
!function(d,l){"use strict";l.querySelector&&d.addEventListener&&"undefined"!=typeof URL&&(d.wp=d.wp||{},d.wp.receiveEmbedMessage||(d.wp.receiveEmbedMessage=function(e){var t=e.data;if((t||t.secret||t.message||t.value)&&!/[^a-zA-Z0-9]/.test(t.secret)){for(var s,r,n,a=l.querySelectorAll('iframe[data-secret="'+t.secret+'"]'),o=l.querySelectorAll('blockquote[data-secret="'+t.secret+'"]'),c=new RegExp("^https?:$","i"),i=0;i<o.length;i++)o[i].style.display="none";for(i=0;i<a.length;i++)s=a[i],e.source===s.contentWindow&&(s.removeAttribute("style"),"height"===t.message?(1e3<(r=parseInt(t.value,10))?r=1e3:~~r<200&&(r=200),s.height=r):"link"===t.message&&(r=new URL(s.getAttribute("src")),n=new URL(t.value),c.test(n.protocol))&&n.host===r.host&&l.activeElement===s&&(d.top.location.href=t.value))}},d.addEventListener("message",d.wp.receiveEmbedMessage,!1),l.addEventListener("DOMContentLoaded",function(){for(var e,t,s=l.querySelectorAll("iframe.wp-embedded-content"),r=0;r<s.length;r++)(t=(e=s[r]).getAttribute("data-secret"))||(t=Math.random().toString(36).substring(2,12),e.src+="#?secret="+t,e.setAttribute("data-secret",t)),e.contentWindow.postMessage({message:"ready",secret:t},"*")},!1)))}(window,document);
/* ]]> */
</script>

https://www.ffpassau.de/ilzstadt/wp-content/uploads/sites/3/2020/03/Jahreshauptversammlung-des-Löchzugs-Ilztadt-2013.jpg

Jahreshauptversammlung des Löchzugs Ilztadt im Zeichen der Flut Viele Auszeichnungen und Positive Mitgliederstatistik Bereits der erste Eindruck beim Betreten des Gerätehauses der Feuerwehr Passau Löschzug Ilzstadt gewährte Einblick in das dominierende Thema der diesjährigen Jahreshauptversammlung &#8211; das Jahrtausendhochwasser 2013. Trotz eines guten Baufortschritts musste die Vorsitzende Marina Nowak die Anwesenden in einem Feuerwehrhaus ohne Türen und Türstöcke, ohne Vorhänge, u.v.m. begrüßen. Der positiven Stimmung tat dies aber keinen Abbruch. Im Bericht des Vorstands konnte auf ein äußerst attraktives Vereinsleben mit Ausflügen, Wanderungen, Festen, u.v.m. hingewiesen werden. Auch die individuelle Kameradschaftspflege bei Hochzeiten, Geburten und runden Geburtstagen wurde positiv dargestellt. Ein besonderer Dank gebührte auch Stadtrat Clemens Damberger, der sich sehr für den Ausbau der Parkplätze vor dem Gerätehaus stark machte. Insbesondere die Zahlen für das Jahr 2013 zeigten die positive Entwicklung im Löschzug : durch eine sehr solide Finanzwirtschaft und [&hellip;]
