{"version":"1.0","provider_name":"Feuerwehr Passau - L\u00f6schzug Ilzstadt","provider_url":"https:\/\/www.ffpassau.de\/ilzstadt","author_name":"Feuerwehr Passau - L\u00f6schzug Ilzstadt","author_url":"https:\/\/www.ffpassau.de\/ilzstadt","title":"Premiere f\u00fcr Maschinistenlehrgang in Passau - Feuerwehr Passau - L\u00f6schzug Ilzstadt","type":"rich","width":600,"height":338,"html":"<blockquote class=\"wp-embedded-content\" data-secret=\"fLGA8qpWRB\"><a href=\"https:\/\/www.ffpassau.de\/ilzstadt\/2017\/10\/01\/premiere-fuer-maschinistenlehrgang-in-passau\/\">Premiere f\u00fcr Maschinistenlehrgang in Passau<\/a><\/blockquote><iframe sandbox=\"allow-scripts\" security=\"restricted\" src=\"https:\/\/www.ffpassau.de\/ilzstadt\/2017\/10\/01\/premiere-fuer-maschinistenlehrgang-in-passau\/embed\/#?secret=fLGA8qpWRB\" width=\"600\" height=\"338\" title=\"&#8222;Premiere f\u00fcr Maschinistenlehrgang in Passau&#8220; &#8211; Feuerwehr Passau - L\u00f6schzug Ilzstadt\" data-secret=\"fLGA8qpWRB\" frameborder=\"0\" marginwidth=\"0\" marginheight=\"0\" scrolling=\"no\" class=\"wp-embedded-content\"><\/iframe><script type=\"text\/javascript\">\n\/* <![CDATA[ *\/\n\/*! This file is auto-generated *\/\n!function(d,l){\"use strict\";l.querySelector&&d.addEventListener&&\"undefined\"!=typeof URL&&(d.wp=d.wp||{},d.wp.receiveEmbedMessage||(d.wp.receiveEmbedMessage=function(e){var t=e.data;if((t||t.secret||t.message||t.value)&&!\/[^a-zA-Z0-9]\/.test(t.secret)){for(var s,r,n,a=l.querySelectorAll('iframe[data-secret=\"'+t.secret+'\"]'),o=l.querySelectorAll('blockquote[data-secret=\"'+t.secret+'\"]'),c=new RegExp(\"^https?:$\",\"i\"),i=0;i<o.length;i++)o[i].style.display=\"none\";for(i=0;i<a.length;i++)s=a[i],e.source===s.contentWindow&&(s.removeAttribute(\"style\"),\"height\"===t.message?(1e3<(r=parseInt(t.value,10))?r=1e3:~~r<200&&(r=200),s.height=r):\"link\"===t.message&&(r=new URL(s.getAttribute(\"src\")),n=new URL(t.value),c.test(n.protocol))&&n.host===r.host&&l.activeElement===s&&(d.top.location.href=t.value))}},d.addEventListener(\"message\",d.wp.receiveEmbedMessage,!1),l.addEventListener(\"DOMContentLoaded\",function(){for(var e,t,s=l.querySelectorAll(\"iframe.wp-embedded-content\"),r=0;r<s.length;r++)(t=(e=s[r]).getAttribute(\"data-secret\"))||(t=Math.random().toString(36).substring(2,12),e.src+=\"#?secret=\"+t,e.setAttribute(\"data-secret\",t)),e.contentWindow.postMessage({message:\"ready\",secret:t},\"*\")},!1)))}(window,document);\n\/* ]]> *\/\n<\/script>\n","thumbnail_url":"https:\/\/www.ffpassau.de\/ilzstadt\/wp-content\/uploads\/sites\/3\/2020\/01\/Premiere-f\u00fcr-Maschinistenlehrgang-in-Passau-scaled.jpg","thumbnail_width":2560,"thumbnail_height":1605,"description":"Erstmals fand bei den Passauer Feuerwehren ein eigener Maschinistenlehrgang statt. Dabei wurde den Teilnehmern Manuel Towara (FF Gaissa), Wolfgang Aulinger, Markus Kollross, Daniel Wolf (alle FF Grubweg), Tobias Ammer (FF Hals), Marcel Schn\u00fcrch (FF Heining), Moritz Marsch, Hannes Wolff, Franziska Raith (alle Lz. Hauptwache), Veronika Dichtl, Corbinian Prinz von Bayern, Stefan Aufschl\u00e4ger und Florian Emmer (alle Lz. Ilzstadt) die wichtigsten Kenntnisse \u00fcber das Bedienen von Aggregaten, Pumpen und Entl\u00fcftungseinrichtungen vermittelt. Die Ausbilder Manfred Nowak, Fabian Probst, Thomas Sittinger, Alexander Breitenfellner, Stephan Breitenfellner, Andreas H\u00fchn, Christopher Craxton (alle Lz. Ilzstadt), Holger Hantschel-Winghart (Feuerwehrfachwerkst\u00e4tte) und Stadtbrandrat Dieter Schlegl setzten dabei das Konzept von Lehrgangsleiter David Stockbauer-Muhr (Lz. Ilzstadt) aus einem guten Mischung aus Theorie und Praxis sehr gut um. So konnte rund um die Wache Ilzstadt Wasser aus dem offenen Gew\u00e4sser &#8211; der Ilz &#8211; entnommen werden, genauso standen \u00dcber- und Unterflurhydranten, [&hellip;]"}

Feuerwehr Passau - Löschzug Ilzstadt

Premiere für Maschinistenlehrgang in Passau - Feuerwehr Passau - Löschzug Ilzstadt

<blockquote class="wp-embedded-content" data-secret="fLGA8qpWRB"><a href="https://www.ffpassau.de/ilzstadt/2017/10/01/premiere-fuer-maschinistenlehrgang-in-passau/">Premiere für Maschinistenlehrgang in Passau</a></blockquote><iframe sandbox="allow-scripts" security="restricted" src="https://www.ffpassau.de/ilzstadt/2017/10/01/premiere-fuer-maschinistenlehrgang-in-passau/embed/#?secret=fLGA8qpWRB" width="600" height="338" title="&#8222;Premiere für Maschinistenlehrgang in Passau&#8220; &#8211; Feuerwehr Passau - Löschzug Ilzstadt" data-secret="fLGA8qpWRB" frameborder="0" marginwidth="0" marginheight="0" scrolling="no" class="wp-embedded-content"></iframe><script type="text/javascript">
/* <![CDATA[ */
/*! This file is auto-generated */
!function(d,l){"use strict";l.querySelector&&d.addEventListener&&"undefined"!=typeof URL&&(d.wp=d.wp||{},d.wp.receiveEmbedMessage||(d.wp.receiveEmbedMessage=function(e){var t=e.data;if((t||t.secret||t.message||t.value)&&!/[^a-zA-Z0-9]/.test(t.secret)){for(var s,r,n,a=l.querySelectorAll('iframe[data-secret="'+t.secret+'"]'),o=l.querySelectorAll('blockquote[data-secret="'+t.secret+'"]'),c=new RegExp("^https?:$","i"),i=0;i<o.length;i++)o[i].style.display="none";for(i=0;i<a.length;i++)s=a[i],e.source===s.contentWindow&&(s.removeAttribute("style"),"height"===t.message?(1e3<(r=parseInt(t.value,10))?r=1e3:~~r<200&&(r=200),s.height=r):"link"===t.message&&(r=new URL(s.getAttribute("src")),n=new URL(t.value),c.test(n.protocol))&&n.host===r.host&&l.activeElement===s&&(d.top.location.href=t.value))}},d.addEventListener("message",d.wp.receiveEmbedMessage,!1),l.addEventListener("DOMContentLoaded",function(){for(var e,t,s=l.querySelectorAll("iframe.wp-embedded-content"),r=0;r<s.length;r++)(t=(e=s[r]).getAttribute("data-secret"))||(t=Math.random().toString(36).substring(2,12),e.src+="#?secret="+t,e.setAttribute("data-secret",t)),e.contentWindow.postMessage({message:"ready",secret:t},"*")},!1)))}(window,document);
/* ]]> */
</script>

https://www.ffpassau.de/ilzstadt/wp-content/uploads/sites/3/2020/01/Premiere-für-Maschinistenlehrgang-in-Passau-scaled.jpg

Erstmals fand bei den Passauer Feuerwehren ein eigener Maschinistenlehrgang statt. Dabei wurde den Teilnehmern Manuel Towara (FF Gaissa), Wolfgang Aulinger, Markus Kollross, Daniel Wolf (alle FF Grubweg), Tobias Ammer (FF Hals), Marcel Schnürch (FF Heining), Moritz Marsch, Hannes Wolff, Franziska Raith (alle Lz. Hauptwache), Veronika Dichtl, Corbinian Prinz von Bayern, Stefan Aufschläger und Florian Emmer (alle Lz. Ilzstadt) die wichtigsten Kenntnisse über das Bedienen von Aggregaten, Pumpen und Entlüftungseinrichtungen vermittelt. Die Ausbilder Manfred Nowak, Fabian Probst, Thomas Sittinger, Alexander Breitenfellner, Stephan Breitenfellner, Andreas Hühn, Christopher Craxton (alle Lz. Ilzstadt), Holger Hantschel-Winghart (Feuerwehrfachwerkstätte) und Stadtbrandrat Dieter Schlegl setzten dabei das Konzept von Lehrgangsleiter David Stockbauer-Muhr (Lz. Ilzstadt) aus einem guten Mischung aus Theorie und Praxis sehr gut um. So konnte rund um die Wache Ilzstadt Wasser aus dem offenen Gewässer &#8211; der Ilz &#8211; entnommen werden, genauso standen Über- und Unterflurhydranten, [&hellip;]
