{"version":"1.0","provider_name":"Feuerwehr Passau - L\u00f6schzug Ilzstadt","provider_url":"https:\/\/www.ffpassau.de\/ilzstadt","author_name":"Feuerwehr Passau - L\u00f6schzug Ilzstadt","author_url":"https:\/\/www.ffpassau.de\/ilzstadt","title":"Jahreshauptversammlung beim L\u00f6schzug Ilzstadt 2019 - Feuerwehr Passau - L\u00f6schzug Ilzstadt","type":"rich","width":600,"height":338,"html":"<blockquote class=\"wp-embedded-content\" data-secret=\"Vjw9zXGiTu\"><a href=\"https:\/\/www.ffpassau.de\/ilzstadt\/2019\/04\/12\/jahreshauptversammlung-beim-loeschzug-ilzstadt-2019\/\">Jahreshauptversammlung beim L\u00f6schzug Ilzstadt  2019<\/a><\/blockquote><iframe sandbox=\"allow-scripts\" security=\"restricted\" src=\"https:\/\/www.ffpassau.de\/ilzstadt\/2019\/04\/12\/jahreshauptversammlung-beim-loeschzug-ilzstadt-2019\/embed\/#?secret=Vjw9zXGiTu\" width=\"600\" height=\"338\" title=\"&#8222;Jahreshauptversammlung beim L\u00f6schzug Ilzstadt  2019&#8220; &#8211; Feuerwehr Passau - L\u00f6schzug Ilzstadt\" data-secret=\"Vjw9zXGiTu\" frameborder=\"0\" marginwidth=\"0\" marginheight=\"0\" scrolling=\"no\" class=\"wp-embedded-content\"><\/iframe><script type=\"text\/javascript\">\n\/* <![CDATA[ *\/\n\/*! This file is auto-generated *\/\n!function(d,l){\"use strict\";l.querySelector&&d.addEventListener&&\"undefined\"!=typeof URL&&(d.wp=d.wp||{},d.wp.receiveEmbedMessage||(d.wp.receiveEmbedMessage=function(e){var t=e.data;if((t||t.secret||t.message||t.value)&&!\/[^a-zA-Z0-9]\/.test(t.secret)){for(var s,r,n,a=l.querySelectorAll('iframe[data-secret=\"'+t.secret+'\"]'),o=l.querySelectorAll('blockquote[data-secret=\"'+t.secret+'\"]'),c=new RegExp(\"^https?:$\",\"i\"),i=0;i<o.length;i++)o[i].style.display=\"none\";for(i=0;i<a.length;i++)s=a[i],e.source===s.contentWindow&&(s.removeAttribute(\"style\"),\"height\"===t.message?(1e3<(r=parseInt(t.value,10))?r=1e3:~~r<200&&(r=200),s.height=r):\"link\"===t.message&&(r=new URL(s.getAttribute(\"src\")),n=new URL(t.value),c.test(n.protocol))&&n.host===r.host&&l.activeElement===s&&(d.top.location.href=t.value))}},d.addEventListener(\"message\",d.wp.receiveEmbedMessage,!1),l.addEventListener(\"DOMContentLoaded\",function(){for(var e,t,s=l.querySelectorAll(\"iframe.wp-embedded-content\"),r=0;r<s.length;r++)(t=(e=s[r]).getAttribute(\"data-secret\"))||(t=Math.random().toString(36).substring(2,12),e.src+=\"#?secret=\"+t,e.setAttribute(\"data-secret\",t)),e.contentWindow.postMessage({message:\"ready\",secret:t},\"*\")},!1)))}(window,document);\n\/* ]]> *\/\n<\/script>\n","thumbnail_url":"https:\/\/www.ffpassau.de\/ilzstadt\/wp-content\/uploads\/sites\/3\/2020\/03\/JHV19-1.jpg","thumbnail_width":1920,"thumbnail_height":650,"description":"Das Feuerwehrhaus des II. L\u00f6schzugs der Feuerwehr Passau platzte aus allen N\u00e4hten, als Vorsitzender Andreas H\u00fchn die diesj\u00e4hrige Jahreshauptversammlung er\u00f6ffnete. &nbsp; Unter den Ehreng\u00e4sten durfte er Oberb\u00fcrgermeister J\u00fcrgen Dupper, Fahnenmutter Anna Kapfinger, die Stadtr\u00e4te Armin Dickl, Clemens Damberger, Sigi Kapfer und Oskar Atzinger, sowie Stadtbrandrat Andreas Dittlmann, Stadtbrandinspektor Florian Emmer, den Vorsitzenden des Feuerwehr Passau e.V. Ehrenstadtbrandmeister Ludwig Kapfhammer und Ehrenstadtbrandrat Josef Aschenbrenner begr\u00fc\u00dfen. Ein fulminantes Berichtsjahr 2018 liegt hinter den Ilzern, die dabei auf das 150j\u00e4hrige Bestehen ihres L\u00f6schzugs zur\u00fcckblicken konnten. Aber auch neben diesem Jubil\u00e4um fanden wieder jede Menge Vereinsveranstaltungen statt. Hier sind mit Jugendausflug, Grillfest, Ilzer Haferlfest und Weihnachtsfeier nur einige Termine zu nenne. Auch was Mitgliederwerbung betrifft, war der erst vor einem Jahr neugew\u00e4hlte Vorstand sehr aktiv: die Zahl der Aktiven stieg um 7 Mitglieder, 2 Kinder konnten in den Feuerwehrnachwuchs integriert werden und 8 B\u00fcrger [&hellip;]"}

Feuerwehr Passau - Löschzug Ilzstadt

Jahreshauptversammlung beim Löschzug Ilzstadt 2019 - Feuerwehr Passau - Löschzug Ilzstadt

<blockquote class="wp-embedded-content" data-secret="Vjw9zXGiTu"><a href="https://www.ffpassau.de/ilzstadt/2019/04/12/jahreshauptversammlung-beim-loeschzug-ilzstadt-2019/">Jahreshauptversammlung beim Löschzug Ilzstadt  2019</a></blockquote><iframe sandbox="allow-scripts" security="restricted" src="https://www.ffpassau.de/ilzstadt/2019/04/12/jahreshauptversammlung-beim-loeschzug-ilzstadt-2019/embed/#?secret=Vjw9zXGiTu" width="600" height="338" title="&#8222;Jahreshauptversammlung beim Löschzug Ilzstadt  2019&#8220; &#8211; Feuerwehr Passau - Löschzug Ilzstadt" data-secret="Vjw9zXGiTu" frameborder="0" marginwidth="0" marginheight="0" scrolling="no" class="wp-embedded-content"></iframe><script type="text/javascript">
/* <![CDATA[ */
/*! This file is auto-generated */
!function(d,l){"use strict";l.querySelector&&d.addEventListener&&"undefined"!=typeof URL&&(d.wp=d.wp||{},d.wp.receiveEmbedMessage||(d.wp.receiveEmbedMessage=function(e){var t=e.data;if((t||t.secret||t.message||t.value)&&!/[^a-zA-Z0-9]/.test(t.secret)){for(var s,r,n,a=l.querySelectorAll('iframe[data-secret="'+t.secret+'"]'),o=l.querySelectorAll('blockquote[data-secret="'+t.secret+'"]'),c=new RegExp("^https?:$","i"),i=0;i<o.length;i++)o[i].style.display="none";for(i=0;i<a.length;i++)s=a[i],e.source===s.contentWindow&&(s.removeAttribute("style"),"height"===t.message?(1e3<(r=parseInt(t.value,10))?r=1e3:~~r<200&&(r=200),s.height=r):"link"===t.message&&(r=new URL(s.getAttribute("src")),n=new URL(t.value),c.test(n.protocol))&&n.host===r.host&&l.activeElement===s&&(d.top.location.href=t.value))}},d.addEventListener("message",d.wp.receiveEmbedMessage,!1),l.addEventListener("DOMContentLoaded",function(){for(var e,t,s=l.querySelectorAll("iframe.wp-embedded-content"),r=0;r<s.length;r++)(t=(e=s[r]).getAttribute("data-secret"))||(t=Math.random().toString(36).substring(2,12),e.src+="#?secret="+t,e.setAttribute("data-secret",t)),e.contentWindow.postMessage({message:"ready",secret:t},"*")},!1)))}(window,document);
/* ]]> */
</script>

Das Feuerwehrhaus des II. Löschzugs der Feuerwehr Passau platzte aus allen Nähten, als Vorsitzender Andreas Hühn die diesjährige Jahreshauptversammlung eröffnete. &nbsp; Unter den Ehrengästen durfte er Oberbürgermeister Jürgen Dupper, Fahnenmutter Anna Kapfinger, die Stadträte Armin Dickl, Clemens Damberger, Sigi Kapfer und Oskar Atzinger, sowie Stadtbrandrat Andreas Dittlmann, Stadtbrandinspektor Florian Emmer, den Vorsitzenden des Feuerwehr Passau e.V. Ehrenstadtbrandmeister Ludwig Kapfhammer und Ehrenstadtbrandrat Josef Aschenbrenner begrüßen. Ein fulminantes Berichtsjahr 2018 liegt hinter den Ilzern, die dabei auf das 150jährige Bestehen ihres Löschzugs zurückblicken konnten. Aber auch neben diesem Jubiläum fanden wieder jede Menge Vereinsveranstaltungen statt. Hier sind mit Jugendausflug, Grillfest, Ilzer Haferlfest und Weihnachtsfeier nur einige Termine zu nenne. Auch was Mitgliederwerbung betrifft, war der erst vor einem Jahr neugewählte Vorstand sehr aktiv: die Zahl der Aktiven stieg um 7 Mitglieder, 2 Kinder konnten in den Feuerwehrnachwuchs integriert werden und 8 Bürger [&hellip;]
