{"version":"1.0","provider_name":"Feuerwehr Passau - L\u00f6schzug Ilzstadt","provider_url":"https:\/\/www.ffpassau.de\/ilzstadt","author_name":"Feuerwehr Passau - L\u00f6schzug Ilzstadt","author_url":"https:\/\/www.ffpassau.de\/ilzstadt","title":"L\u00f6schzug Ilzstadt steht vor gro\u00dfen Herausforderungen - Feuerwehr Passau - L\u00f6schzug Ilzstadt","type":"rich","width":600,"height":338,"html":"<blockquote class=\"wp-embedded-content\" data-secret=\"m5Kaj87Xq7\"><a href=\"https:\/\/www.ffpassau.de\/ilzstadt\/2020\/03\/12\/loeschzug-ilzstadt-steht-vor-grossen-herausforderungen\/\">L\u00f6schzug Ilzstadt steht vor gro\u00dfen Herausforderungen<\/a><\/blockquote><iframe sandbox=\"allow-scripts\" security=\"restricted\" src=\"https:\/\/www.ffpassau.de\/ilzstadt\/2020\/03\/12\/loeschzug-ilzstadt-steht-vor-grossen-herausforderungen\/embed\/#?secret=m5Kaj87Xq7\" width=\"600\" height=\"338\" title=\"&#8222;L\u00f6schzug Ilzstadt steht vor gro\u00dfen Herausforderungen&#8220; &#8211; Feuerwehr Passau - L\u00f6schzug Ilzstadt\" data-secret=\"m5Kaj87Xq7\" frameborder=\"0\" marginwidth=\"0\" marginheight=\"0\" scrolling=\"no\" class=\"wp-embedded-content\"><\/iframe><script type=\"text\/javascript\">\n\/* <![CDATA[ *\/\n\/*! This file is auto-generated *\/\n!function(d,l){\"use strict\";l.querySelector&&d.addEventListener&&\"undefined\"!=typeof URL&&(d.wp=d.wp||{},d.wp.receiveEmbedMessage||(d.wp.receiveEmbedMessage=function(e){var t=e.data;if((t||t.secret||t.message||t.value)&&!\/[^a-zA-Z0-9]\/.test(t.secret)){for(var s,r,n,a=l.querySelectorAll('iframe[data-secret=\"'+t.secret+'\"]'),o=l.querySelectorAll('blockquote[data-secret=\"'+t.secret+'\"]'),c=new RegExp(\"^https?:$\",\"i\"),i=0;i<o.length;i++)o[i].style.display=\"none\";for(i=0;i<a.length;i++)s=a[i],e.source===s.contentWindow&&(s.removeAttribute(\"style\"),\"height\"===t.message?(1e3<(r=parseInt(t.value,10))?r=1e3:~~r<200&&(r=200),s.height=r):\"link\"===t.message&&(r=new URL(s.getAttribute(\"src\")),n=new URL(t.value),c.test(n.protocol))&&n.host===r.host&&l.activeElement===s&&(d.top.location.href=t.value))}},d.addEventListener(\"message\",d.wp.receiveEmbedMessage,!1),l.addEventListener(\"DOMContentLoaded\",function(){for(var e,t,s=l.querySelectorAll(\"iframe.wp-embedded-content\"),r=0;r<s.length;r++)(t=(e=s[r]).getAttribute(\"data-secret\"))||(t=Math.random().toString(36).substring(2,12),e.src+=\"#?secret=\"+t,e.setAttribute(\"data-secret\",t)),e.contentWindow.postMessage({message:\"ready\",secret:t},\"*\")},!1)))}(window,document);\n\/* ]]> *\/\n<\/script>\n","thumbnail_url":"https:\/\/www.ffpassau.de\/ilzstadt\/wp-content\/uploads\/sites\/3\/2020\/03\/2020-03-07-Bericht-Vorstand.jpg","thumbnail_width":2048,"thumbnail_height":1363,"description":"115-mal wurden die Kameraden der Feuerwehr Passau Lz. Ilzstadt 2019 zu Hilfe geholt &nbsp; Vergangenen Samstag blickte der L\u00f6schzug zur\u00fcck auf das vergangene Jahr. 39 aktive Kameraden helfen bei den Eins\u00e4tzen im zweiten L\u00f6schzug der Feuerwehr Passau mit. Sie bew\u00e4ltigten im letzten Jahr 10 Br\u00e4nde, 57 technische Hilfeleistungen und stellten 30 Sicherheitswachen. 18-mal wurden die Ilzer Feuerwehrleute auch fehlerhaft alarmiert, da leer werdende Batterien in privaten Hausrauchmeldern oder falsch verwendete Brandmeldeanlagen irrt\u00fcmlicherweise einen Brand vort\u00e4uschten. Zugf\u00fchrer und Stadtbrandinspektor Florian Emmer merkt an, dass das Engagement der Mannschaft beeindruckend sei. 8.000 Stunden seien im abgelaufenen Jahr zum Gemeinwohl geleistet worden. Beeindruckend ist auch die Arbeit der Jugendabteilung, die der Vereinsvorsitzende Andreas H\u00fchn in seinem Bericht lobend erw\u00e4hnt. Mittlerweile sind 7 Kinder ab 8 Jahren bei den Feuerwehrminis unter der Leitung von Veronika Aufschl\u00e4ger. Zudem bereiten sich 5 Jugendliche unter Anleitung der [&hellip;]"}

Feuerwehr Passau - Löschzug Ilzstadt

Löschzug Ilzstadt steht vor großen Herausforderungen - Feuerwehr Passau - Löschzug Ilzstadt

<blockquote class="wp-embedded-content" data-secret="m5Kaj87Xq7"><a href="https://www.ffpassau.de/ilzstadt/2020/03/12/loeschzug-ilzstadt-steht-vor-grossen-herausforderungen/">Löschzug Ilzstadt steht vor großen Herausforderungen</a></blockquote><iframe sandbox="allow-scripts" security="restricted" src="https://www.ffpassau.de/ilzstadt/2020/03/12/loeschzug-ilzstadt-steht-vor-grossen-herausforderungen/embed/#?secret=m5Kaj87Xq7" width="600" height="338" title="&#8222;Löschzug Ilzstadt steht vor großen Herausforderungen&#8220; &#8211; Feuerwehr Passau - Löschzug Ilzstadt" data-secret="m5Kaj87Xq7" frameborder="0" marginwidth="0" marginheight="0" scrolling="no" class="wp-embedded-content"></iframe><script type="text/javascript">
/* <![CDATA[ */
/*! This file is auto-generated */
!function(d,l){"use strict";l.querySelector&&d.addEventListener&&"undefined"!=typeof URL&&(d.wp=d.wp||{},d.wp.receiveEmbedMessage||(d.wp.receiveEmbedMessage=function(e){var t=e.data;if((t||t.secret||t.message||t.value)&&!/[^a-zA-Z0-9]/.test(t.secret)){for(var s,r,n,a=l.querySelectorAll('iframe[data-secret="'+t.secret+'"]'),o=l.querySelectorAll('blockquote[data-secret="'+t.secret+'"]'),c=new RegExp("^https?:$","i"),i=0;i<o.length;i++)o[i].style.display="none";for(i=0;i<a.length;i++)s=a[i],e.source===s.contentWindow&&(s.removeAttribute("style"),"height"===t.message?(1e3<(r=parseInt(t.value,10))?r=1e3:~~r<200&&(r=200),s.height=r):"link"===t.message&&(r=new URL(s.getAttribute("src")),n=new URL(t.value),c.test(n.protocol))&&n.host===r.host&&l.activeElement===s&&(d.top.location.href=t.value))}},d.addEventListener("message",d.wp.receiveEmbedMessage,!1),l.addEventListener("DOMContentLoaded",function(){for(var e,t,s=l.querySelectorAll("iframe.wp-embedded-content"),r=0;r<s.length;r++)(t=(e=s[r]).getAttribute("data-secret"))||(t=Math.random().toString(36).substring(2,12),e.src+="#?secret="+t,e.setAttribute("data-secret",t)),e.contentWindow.postMessage({message:"ready",secret:t},"*")},!1)))}(window,document);
/* ]]> */
</script>

115-mal wurden die Kameraden der Feuerwehr Passau Lz. Ilzstadt 2019 zu Hilfe geholt &nbsp; Vergangenen Samstag blickte der Löschzug zurück auf das vergangene Jahr. 39 aktive Kameraden helfen bei den Einsätzen im zweiten Löschzug der Feuerwehr Passau mit. Sie bewältigten im letzten Jahr 10 Brände, 57 technische Hilfeleistungen und stellten 30 Sicherheitswachen. 18-mal wurden die Ilzer Feuerwehrleute auch fehlerhaft alarmiert, da leer werdende Batterien in privaten Hausrauchmeldern oder falsch verwendete Brandmeldeanlagen irrtümlicherweise einen Brand vortäuschten. Zugführer und Stadtbrandinspektor Florian Emmer merkt an, dass das Engagement der Mannschaft beeindruckend sei. 8.000 Stunden seien im abgelaufenen Jahr zum Gemeinwohl geleistet worden. Beeindruckend ist auch die Arbeit der Jugendabteilung, die der Vereinsvorsitzende Andreas Hühn in seinem Bericht lobend erwähnt. Mittlerweile sind 7 Kinder ab 8 Jahren bei den Feuerwehrminis unter der Leitung von Veronika Aufschläger. Zudem bereiten sich 5 Jugendliche unter Anleitung der [&hellip;]
