{"version":"1.0","provider_name":"Feuerwehr Passau - L\u00f6schzug Ilzstadt","provider_url":"https:\/\/www.ffpassau.de\/ilzstadt","author_name":"Feuerwehr Passau - L\u00f6schzug Ilzstadt","author_url":"https:\/\/www.ffpassau.de\/ilzstadt","title":"L\u00f6schzug Ilzstadt unter neuer F\u00fchrung - Feuerwehr Passau - L\u00f6schzug Ilzstadt","type":"rich","width":600,"height":338,"html":"<blockquote class=\"wp-embedded-content\" data-secret=\"LBLygphDiX\"><a href=\"https:\/\/www.ffpassau.de\/ilzstadt\/2022\/03\/13\/loeschzug-ilzstadt-unter-neuer-fuehrung\/\">L\u00f6schzug Ilzstadt unter neuer F\u00fchrung<\/a><\/blockquote><iframe sandbox=\"allow-scripts\" security=\"restricted\" src=\"https:\/\/www.ffpassau.de\/ilzstadt\/2022\/03\/13\/loeschzug-ilzstadt-unter-neuer-fuehrung\/embed\/#?secret=LBLygphDiX\" width=\"600\" height=\"338\" title=\"&#8222;L\u00f6schzug Ilzstadt unter neuer F\u00fchrung&#8220; &#8211; Feuerwehr Passau - L\u00f6schzug Ilzstadt\" data-secret=\"LBLygphDiX\" frameborder=\"0\" marginwidth=\"0\" marginheight=\"0\" scrolling=\"no\" class=\"wp-embedded-content\"><\/iframe><script type=\"text\/javascript\">\n\/* <![CDATA[ *\/\n\/*! This file is auto-generated *\/\n!function(d,l){\"use strict\";l.querySelector&&d.addEventListener&&\"undefined\"!=typeof URL&&(d.wp=d.wp||{},d.wp.receiveEmbedMessage||(d.wp.receiveEmbedMessage=function(e){var t=e.data;if((t||t.secret||t.message||t.value)&&!\/[^a-zA-Z0-9]\/.test(t.secret)){for(var s,r,n,a=l.querySelectorAll('iframe[data-secret=\"'+t.secret+'\"]'),o=l.querySelectorAll('blockquote[data-secret=\"'+t.secret+'\"]'),c=new RegExp(\"^https?:$\",\"i\"),i=0;i<o.length;i++)o[i].style.display=\"none\";for(i=0;i<a.length;i++)s=a[i],e.source===s.contentWindow&&(s.removeAttribute(\"style\"),\"height\"===t.message?(1e3<(r=parseInt(t.value,10))?r=1e3:~~r<200&&(r=200),s.height=r):\"link\"===t.message&&(r=new URL(s.getAttribute(\"src\")),n=new URL(t.value),c.test(n.protocol))&&n.host===r.host&&l.activeElement===s&&(d.top.location.href=t.value))}},d.addEventListener(\"message\",d.wp.receiveEmbedMessage,!1),l.addEventListener(\"DOMContentLoaded\",function(){for(var e,t,s=l.querySelectorAll(\"iframe.wp-embedded-content\"),r=0;r<s.length;r++)(t=(e=s[r]).getAttribute(\"data-secret\"))||(t=Math.random().toString(36).substring(2,12),e.src+=\"#?secret=\"+t,e.setAttribute(\"data-secret\",t)),e.contentWindow.postMessage({message:\"ready\",secret:t},\"*\")},!1)))}(window,document);\n\/* ]]> *\/\n<\/script>\n","thumbnail_url":"https:\/\/www.ffpassau.de\/ilzstadt\/wp-content\/uploads\/sites\/3\/2022\/03\/Screenshot-2022-03-13-174342.png","thumbnail_width":1439,"thumbnail_height":820,"description":"Bei der ersten hybriden Jahreshauptversammlung des L\u00f6schzugs Ilzstadt durfte der Vereinsvorsitzende Andreas H\u00fchn neben einer Vielzahl von aktiven Mitgliedern auch Oberb\u00fcrgermeister J\u00fcrgen Dupper, MdL Oskar Atzinger und die Stadtr\u00e4te Stefanie Auer, Siegfried Kapfer und Martin Burkert begr\u00fc\u00dfen. Von Seiten der Feuerwehr waren zudem Stadtbrandrat Andreas Dittlmann, Ehrenstadtbrandmeister Ludwig Kapfhammer und die Zugf\u00fchrer Toni Rang, Manfred Fasching, Markus Kornexl des L\u00f6schzuges Hauptwache und Zugf\u00fchrer Thomas Pratsch vom L\u00f6schzug Innstadt anwesend. Im R\u00fcckblick des Vorsitzenden lie\u00df man die Vereinsveranstaltungen nochmals Revue passieren, die allerdings auf Grund der Pandemie weniger waren und nur im kleinen Rahmen stattfinden konnten. Positiv war jedoch die Mitgliederentwicklung mit einer Steigerung auf 41 Aktive und 128 Vereinsmitglieder sowie der Kassenstand &#8211; beides litt nicht unter der Pandemie. Der Verein bedankt sich in diesem Rahmen nochmals herzlichst f\u00fcr alle Spenden in den letzten beiden Jahren. Zugf\u00fchrer Florian Emmer konnte [&hellip;]"}

Feuerwehr Passau - Löschzug Ilzstadt

Löschzug Ilzstadt unter neuer Führung - Feuerwehr Passau - Löschzug Ilzstadt

<blockquote class="wp-embedded-content" data-secret="LBLygphDiX"><a href="https://www.ffpassau.de/ilzstadt/2022/03/13/loeschzug-ilzstadt-unter-neuer-fuehrung/">Löschzug Ilzstadt unter neuer Führung</a></blockquote><iframe sandbox="allow-scripts" security="restricted" src="https://www.ffpassau.de/ilzstadt/2022/03/13/loeschzug-ilzstadt-unter-neuer-fuehrung/embed/#?secret=LBLygphDiX" width="600" height="338" title="&#8222;Löschzug Ilzstadt unter neuer Führung&#8220; &#8211; Feuerwehr Passau - Löschzug Ilzstadt" data-secret="LBLygphDiX" frameborder="0" marginwidth="0" marginheight="0" scrolling="no" class="wp-embedded-content"></iframe><script type="text/javascript">
/* <![CDATA[ */
/*! This file is auto-generated */
!function(d,l){"use strict";l.querySelector&&d.addEventListener&&"undefined"!=typeof URL&&(d.wp=d.wp||{},d.wp.receiveEmbedMessage||(d.wp.receiveEmbedMessage=function(e){var t=e.data;if((t||t.secret||t.message||t.value)&&!/[^a-zA-Z0-9]/.test(t.secret)){for(var s,r,n,a=l.querySelectorAll('iframe[data-secret="'+t.secret+'"]'),o=l.querySelectorAll('blockquote[data-secret="'+t.secret+'"]'),c=new RegExp("^https?:$","i"),i=0;i<o.length;i++)o[i].style.display="none";for(i=0;i<a.length;i++)s=a[i],e.source===s.contentWindow&&(s.removeAttribute("style"),"height"===t.message?(1e3<(r=parseInt(t.value,10))?r=1e3:~~r<200&&(r=200),s.height=r):"link"===t.message&&(r=new URL(s.getAttribute("src")),n=new URL(t.value),c.test(n.protocol))&&n.host===r.host&&l.activeElement===s&&(d.top.location.href=t.value))}},d.addEventListener("message",d.wp.receiveEmbedMessage,!1),l.addEventListener("DOMContentLoaded",function(){for(var e,t,s=l.querySelectorAll("iframe.wp-embedded-content"),r=0;r<s.length;r++)(t=(e=s[r]).getAttribute("data-secret"))||(t=Math.random().toString(36).substring(2,12),e.src+="#?secret="+t,e.setAttribute("data-secret",t)),e.contentWindow.postMessage({message:"ready",secret:t},"*")},!1)))}(window,document);
/* ]]> */
</script>

Bei der ersten hybriden Jahreshauptversammlung des Löschzugs Ilzstadt durfte der Vereinsvorsitzende Andreas Hühn neben einer Vielzahl von aktiven Mitgliedern auch Oberbürgermeister Jürgen Dupper, MdL Oskar Atzinger und die Stadträte Stefanie Auer, Siegfried Kapfer und Martin Burkert begrüßen. Von Seiten der Feuerwehr waren zudem Stadtbrandrat Andreas Dittlmann, Ehrenstadtbrandmeister Ludwig Kapfhammer und die Zugführer Toni Rang, Manfred Fasching, Markus Kornexl des Löschzuges Hauptwache und Zugführer Thomas Pratsch vom Löschzug Innstadt anwesend. Im Rückblick des Vorsitzenden ließ man die Vereinsveranstaltungen nochmals Revue passieren, die allerdings auf Grund der Pandemie weniger waren und nur im kleinen Rahmen stattfinden konnten. Positiv war jedoch die Mitgliederentwicklung mit einer Steigerung auf 41 Aktive und 128 Vereinsmitglieder sowie der Kassenstand &#8211; beides litt nicht unter der Pandemie. Der Verein bedankt sich in diesem Rahmen nochmals herzlichst für alle Spenden in den letzten beiden Jahren. Zugführer Florian Emmer konnte [&hellip;]
