{"version":"1.0","provider_name":"Feuerwehr Passau - L\u00f6schzug Ilzstadt","provider_url":"https:\/\/www.ffpassau.de\/ilzstadt","author_name":"florianemmer","author_url":"https:\/\/www.ffpassau.de\/ilzstadt\/author\/florianemmer\/","title":"Jahreshauptversammlung beim L\u00f6schzug Ilzstadt - Feuerwehr Passau - L\u00f6schzug Ilzstadt","type":"rich","width":600,"height":338,"html":"<blockquote class=\"wp-embedded-content\" data-secret=\"4vIRzQsNLG\"><a href=\"https:\/\/www.ffpassau.de\/ilzstadt\/2025\/04\/12\/jahreshauptversammlung-beim-loeschzug-ilzstadt\/\">Jahreshauptversammlung beim L\u00f6schzug Ilzstadt<\/a><\/blockquote><iframe sandbox=\"allow-scripts\" security=\"restricted\" src=\"https:\/\/www.ffpassau.de\/ilzstadt\/2025\/04\/12\/jahreshauptversammlung-beim-loeschzug-ilzstadt\/embed\/#?secret=4vIRzQsNLG\" width=\"600\" height=\"338\" title=\"&#8222;Jahreshauptversammlung beim L\u00f6schzug Ilzstadt&#8220; &#8211; Feuerwehr Passau - L\u00f6schzug Ilzstadt\" data-secret=\"4vIRzQsNLG\" frameborder=\"0\" marginwidth=\"0\" marginheight=\"0\" scrolling=\"no\" class=\"wp-embedded-content\"><\/iframe><script type=\"text\/javascript\">\n\/* <![CDATA[ *\/\n\/*! This file is auto-generated *\/\n!function(d,l){\"use strict\";l.querySelector&&d.addEventListener&&\"undefined\"!=typeof URL&&(d.wp=d.wp||{},d.wp.receiveEmbedMessage||(d.wp.receiveEmbedMessage=function(e){var t=e.data;if((t||t.secret||t.message||t.value)&&!\/[^a-zA-Z0-9]\/.test(t.secret)){for(var s,r,n,a=l.querySelectorAll('iframe[data-secret=\"'+t.secret+'\"]'),o=l.querySelectorAll('blockquote[data-secret=\"'+t.secret+'\"]'),c=new RegExp(\"^https?:$\",\"i\"),i=0;i<o.length;i++)o[i].style.display=\"none\";for(i=0;i<a.length;i++)s=a[i],e.source===s.contentWindow&&(s.removeAttribute(\"style\"),\"height\"===t.message?(1e3<(r=parseInt(t.value,10))?r=1e3:~~r<200&&(r=200),s.height=r):\"link\"===t.message&&(r=new URL(s.getAttribute(\"src\")),n=new URL(t.value),c.test(n.protocol))&&n.host===r.host&&l.activeElement===s&&(d.top.location.href=t.value))}},d.addEventListener(\"message\",d.wp.receiveEmbedMessage,!1),l.addEventListener(\"DOMContentLoaded\",function(){for(var e,t,s=l.querySelectorAll(\"iframe.wp-embedded-content\"),r=0;r<s.length;r++)(t=(e=s[r]).getAttribute(\"data-secret\"))||(t=Math.random().toString(36).substring(2,12),e.src+=\"#?secret=\"+t,e.setAttribute(\"data-secret\",t)),e.contentWindow.postMessage({message:\"ready\",secret:t},\"*\")},!1)))}(window,document);\n\/* ]]> *\/\n<\/script>\n","thumbnail_url":"https:\/\/www.ffpassau.de\/ilzstadt\/wp-content\/uploads\/sites\/3\/2025\/04\/Gruppenfoto-JHV-Ilzstadt-1-1.jpeg","thumbnail_width":1024,"thumbnail_height":769,"description":"Andreas Auer und Alissa Hutwelker als neue Vorst\u00e4nde gew\u00e4hlt Bei der Jahreshauptversammlung des L\u00f6schzug Ilzstadt w\u00e4hlten die zahlreich anwesenden Mitglieder Andreas Auer zum neuen Vorsitzenden und Alissa Hutwelker zur stellvertretenden Vorsitzenden. Aufgrund der hohen Teilnehmerzahl von \u00fcber 60 G\u00e4sten und Mitgliedern wurde die Veranstaltung kurzfristig in die neuen Fahrzeughallen verlegt. \u201eEs ist eine gro\u00dfe Ehre, dieses Amt zu \u00fcbernehmen. Gemeinsam mit unserem engagierten Team k\u00f6nnen wir viel bewegen und die Zukunft des L\u00f6schzugs Ilzstadt aktiv gestalten\u201c, sagen Auer und Hutwelker. Kassier Alexander Breitenfellner bleibt auch nach 15 Jahren im Amt. Zacharias Zanella und Dorina Spannbauer wurden als Beisitzer gew\u00e4hlt. Ihre Wahlen erfolgten alle einstimmig. Die Sitzung wurde vom Interimsvorstand Max Entfellner geleitet, der bei der anschlie\u00dfenden Neuwahl einstimmig in seinem Amt als Schriftf\u00fchrer best\u00e4tigt wurde. Einsatzstatistik und besondere Eins\u00e4tze 2024: 64 Eins\u00e4tze davon 13 Br\u00e4nde &#8211; 75 Technische Hilfeleistungen &#8211; [&hellip;]"}

Feuerwehr Passau - Löschzug Ilzstadt

Jahreshauptversammlung beim Löschzug Ilzstadt - Feuerwehr Passau - Löschzug Ilzstadt

<blockquote class="wp-embedded-content" data-secret="4vIRzQsNLG"><a href="https://www.ffpassau.de/ilzstadt/2025/04/12/jahreshauptversammlung-beim-loeschzug-ilzstadt/">Jahreshauptversammlung beim Löschzug Ilzstadt</a></blockquote><iframe sandbox="allow-scripts" security="restricted" src="https://www.ffpassau.de/ilzstadt/2025/04/12/jahreshauptversammlung-beim-loeschzug-ilzstadt/embed/#?secret=4vIRzQsNLG" width="600" height="338" title="&#8222;Jahreshauptversammlung beim Löschzug Ilzstadt&#8220; &#8211; Feuerwehr Passau - Löschzug Ilzstadt" data-secret="4vIRzQsNLG" frameborder="0" marginwidth="0" marginheight="0" scrolling="no" class="wp-embedded-content"></iframe><script type="text/javascript">
/* <![CDATA[ */
/*! This file is auto-generated */
!function(d,l){"use strict";l.querySelector&&d.addEventListener&&"undefined"!=typeof URL&&(d.wp=d.wp||{},d.wp.receiveEmbedMessage||(d.wp.receiveEmbedMessage=function(e){var t=e.data;if((t||t.secret||t.message||t.value)&&!/[^a-zA-Z0-9]/.test(t.secret)){for(var s,r,n,a=l.querySelectorAll('iframe[data-secret="'+t.secret+'"]'),o=l.querySelectorAll('blockquote[data-secret="'+t.secret+'"]'),c=new RegExp("^https?:$","i"),i=0;i<o.length;i++)o[i].style.display="none";for(i=0;i<a.length;i++)s=a[i],e.source===s.contentWindow&&(s.removeAttribute("style"),"height"===t.message?(1e3<(r=parseInt(t.value,10))?r=1e3:~~r<200&&(r=200),s.height=r):"link"===t.message&&(r=new URL(s.getAttribute("src")),n=new URL(t.value),c.test(n.protocol))&&n.host===r.host&&l.activeElement===s&&(d.top.location.href=t.value))}},d.addEventListener("message",d.wp.receiveEmbedMessage,!1),l.addEventListener("DOMContentLoaded",function(){for(var e,t,s=l.querySelectorAll("iframe.wp-embedded-content"),r=0;r<s.length;r++)(t=(e=s[r]).getAttribute("data-secret"))||(t=Math.random().toString(36).substring(2,12),e.src+="#?secret="+t,e.setAttribute("data-secret",t)),e.contentWindow.postMessage({message:"ready",secret:t},"*")},!1)))}(window,document);
/* ]]> */
</script>

Andreas Auer und Alissa Hutwelker als neue Vorstände gewählt Bei der Jahreshauptversammlung des Löschzug Ilzstadt wählten die zahlreich anwesenden Mitglieder Andreas Auer zum neuen Vorsitzenden und Alissa Hutwelker zur stellvertretenden Vorsitzenden. Aufgrund der hohen Teilnehmerzahl von über 60 Gästen und Mitgliedern wurde die Veranstaltung kurzfristig in die neuen Fahrzeughallen verlegt. „Es ist eine große Ehre, dieses Amt zu übernehmen. Gemeinsam mit unserem engagierten Team können wir viel bewegen und die Zukunft des Löschzugs Ilzstadt aktiv gestalten“, sagen Auer und Hutwelker. Kassier Alexander Breitenfellner bleibt auch nach 15 Jahren im Amt. Zacharias Zanella und Dorina Spannbauer wurden als Beisitzer gewählt. Ihre Wahlen erfolgten alle einstimmig. Die Sitzung wurde vom Interimsvorstand Max Entfellner geleitet, der bei der anschließenden Neuwahl einstimmig in seinem Amt als Schriftführer bestätigt wurde. Einsatzstatistik und besondere Einsätze 2024: 64 Einsätze davon 13 Brände &#8211; 75 Technische Hilfeleistungen &#8211; [&hellip;]
