{"version":"1.0","provider_name":"Feuerwehr Passau - L\u00f6schzug Ilzstadt","provider_url":"https:\/\/www.ffpassau.de\/ilzstadt","author_name":"florianemmer","author_url":"https:\/\/www.ffpassau.de\/ilzstadt\/author\/florianemmer\/","title":"Leistungspr\u00fcfung beim L\u00f6schzug Ilzstadt - Feuerwehr Passau - L\u00f6schzug Ilzstadt","type":"rich","width":600,"height":338,"html":"<blockquote class=\"wp-embedded-content\" data-secret=\"JqJJcqUljP\"><a href=\"https:\/\/www.ffpassau.de\/ilzstadt\/2025\/04\/12\/leistungspruefung-beim-loeschzug-ilzstadt\/\">Leistungspr\u00fcfung beim L\u00f6schzug Ilzstadt<\/a><\/blockquote><iframe sandbox=\"allow-scripts\" security=\"restricted\" src=\"https:\/\/www.ffpassau.de\/ilzstadt\/2025\/04\/12\/leistungspruefung-beim-loeschzug-ilzstadt\/embed\/#?secret=JqJJcqUljP\" width=\"600\" height=\"338\" title=\"&#8222;Leistungspr\u00fcfung beim L\u00f6schzug Ilzstadt&#8220; &#8211; Feuerwehr Passau - L\u00f6schzug Ilzstadt\" data-secret=\"JqJJcqUljP\" frameborder=\"0\" marginwidth=\"0\" marginheight=\"0\" scrolling=\"no\" class=\"wp-embedded-content\"><\/iframe><script type=\"text\/javascript\">\n\/* <![CDATA[ *\/\n\/*! This file is auto-generated *\/\n!function(d,l){\"use strict\";l.querySelector&&d.addEventListener&&\"undefined\"!=typeof URL&&(d.wp=d.wp||{},d.wp.receiveEmbedMessage||(d.wp.receiveEmbedMessage=function(e){var t=e.data;if((t||t.secret||t.message||t.value)&&!\/[^a-zA-Z0-9]\/.test(t.secret)){for(var s,r,n,a=l.querySelectorAll('iframe[data-secret=\"'+t.secret+'\"]'),o=l.querySelectorAll('blockquote[data-secret=\"'+t.secret+'\"]'),c=new RegExp(\"^https?:$\",\"i\"),i=0;i<o.length;i++)o[i].style.display=\"none\";for(i=0;i<a.length;i++)s=a[i],e.source===s.contentWindow&&(s.removeAttribute(\"style\"),\"height\"===t.message?(1e3<(r=parseInt(t.value,10))?r=1e3:~~r<200&&(r=200),s.height=r):\"link\"===t.message&&(r=new URL(s.getAttribute(\"src\")),n=new URL(t.value),c.test(n.protocol))&&n.host===r.host&&l.activeElement===s&&(d.top.location.href=t.value))}},d.addEventListener(\"message\",d.wp.receiveEmbedMessage,!1),l.addEventListener(\"DOMContentLoaded\",function(){for(var e,t,s=l.querySelectorAll(\"iframe.wp-embedded-content\"),r=0;r<s.length;r++)(t=(e=s[r]).getAttribute(\"data-secret\"))||(t=Math.random().toString(36).substring(2,12),e.src+=\"#?secret=\"+t,e.setAttribute(\"data-secret\",t)),e.contentWindow.postMessage({message:\"ready\",secret:t},\"*\")},!1)))}(window,document);\n\/* ]]> *\/\n<\/script>\n","thumbnail_url":"https:\/\/www.ffpassau.de\/ilzstadt\/wp-content\/uploads\/sites\/3\/2025\/04\/2025-04-10_Gruppenfoto_Leistungsabzeichen-scaled.jpeg","thumbnail_width":2560,"thumbnail_height":1920,"description":"Viele schauten verwundert, wenn sie die vergangenen 2 Wochen durch den neuen Fu\u00df- und Fahrradtunnel in die Ilzstadt kamen. Am Feuerwehrhaus am Fu\u00dfe des Georgsberges standen jeden Abend Feuerwehrfrauen und -m\u00e4nner und pumpten Wasser aus einer Zisterne, warfen Schl\u00e4uche aus und schrien sich Befehle zu. Dies diente der Vorbereitung auf die Leistungspr\u00fcfung, der sich 2 Gruppen des L\u00f6schzugs stellten. Neben dem Aufbau eines L\u00f6scheinsatzes innerhalb von 4 Minuten mussten Knoten und Stiche vorgef\u00fchrt werden und Fragen zu Ger\u00e4ten und Einsatztaktik beantwortet werden. Unter den strengen Blicken der Pr\u00fcfer Bernhard Kuisl (FF Schalding l.d.D.), J\u00fcrgen Grotke (Lz. Hauptwache) und Stefan Daller (Lz. Innstadt) konnte allerdings zum Schluss gejubelt werden und die M\u00fchen hatten sich gelohnt. Alissa Hutwelker, Daniela Gottinger, Nadine Gottinger, Julia Johanson, Fabian Matijevic, Florian Knoll, Dennis Magdans, Felix Fuhs, Matthias Weigl (alle Stufe 1 &#8211; Bronze), Dorina Spannbauer, Oliver [&hellip;]"}

Feuerwehr Passau - Löschzug Ilzstadt

Leistungsprüfung beim Löschzug Ilzstadt - Feuerwehr Passau - Löschzug Ilzstadt

<blockquote class="wp-embedded-content" data-secret="JqJJcqUljP"><a href="https://www.ffpassau.de/ilzstadt/2025/04/12/leistungspruefung-beim-loeschzug-ilzstadt/">Leistungsprüfung beim Löschzug Ilzstadt</a></blockquote><iframe sandbox="allow-scripts" security="restricted" src="https://www.ffpassau.de/ilzstadt/2025/04/12/leistungspruefung-beim-loeschzug-ilzstadt/embed/#?secret=JqJJcqUljP" width="600" height="338" title="&#8222;Leistungsprüfung beim Löschzug Ilzstadt&#8220; &#8211; Feuerwehr Passau - Löschzug Ilzstadt" data-secret="JqJJcqUljP" frameborder="0" marginwidth="0" marginheight="0" scrolling="no" class="wp-embedded-content"></iframe><script type="text/javascript">
/* <![CDATA[ */
/*! This file is auto-generated */
!function(d,l){"use strict";l.querySelector&&d.addEventListener&&"undefined"!=typeof URL&&(d.wp=d.wp||{},d.wp.receiveEmbedMessage||(d.wp.receiveEmbedMessage=function(e){var t=e.data;if((t||t.secret||t.message||t.value)&&!/[^a-zA-Z0-9]/.test(t.secret)){for(var s,r,n,a=l.querySelectorAll('iframe[data-secret="'+t.secret+'"]'),o=l.querySelectorAll('blockquote[data-secret="'+t.secret+'"]'),c=new RegExp("^https?:$","i"),i=0;i<o.length;i++)o[i].style.display="none";for(i=0;i<a.length;i++)s=a[i],e.source===s.contentWindow&&(s.removeAttribute("style"),"height"===t.message?(1e3<(r=parseInt(t.value,10))?r=1e3:~~r<200&&(r=200),s.height=r):"link"===t.message&&(r=new URL(s.getAttribute("src")),n=new URL(t.value),c.test(n.protocol))&&n.host===r.host&&l.activeElement===s&&(d.top.location.href=t.value))}},d.addEventListener("message",d.wp.receiveEmbedMessage,!1),l.addEventListener("DOMContentLoaded",function(){for(var e,t,s=l.querySelectorAll("iframe.wp-embedded-content"),r=0;r<s.length;r++)(t=(e=s[r]).getAttribute("data-secret"))||(t=Math.random().toString(36).substring(2,12),e.src+="#?secret="+t,e.setAttribute("data-secret",t)),e.contentWindow.postMessage({message:"ready",secret:t},"*")},!1)))}(window,document);
/* ]]> */
</script>

Viele schauten verwundert, wenn sie die vergangenen 2 Wochen durch den neuen Fuß- und Fahrradtunnel in die Ilzstadt kamen. Am Feuerwehrhaus am Fuße des Georgsberges standen jeden Abend Feuerwehrfrauen und -männer und pumpten Wasser aus einer Zisterne, warfen Schläuche aus und schrien sich Befehle zu. Dies diente der Vorbereitung auf die Leistungsprüfung, der sich 2 Gruppen des Löschzugs stellten. Neben dem Aufbau eines Löscheinsatzes innerhalb von 4 Minuten mussten Knoten und Stiche vorgeführt werden und Fragen zu Geräten und Einsatztaktik beantwortet werden. Unter den strengen Blicken der Prüfer Bernhard Kuisl (FF Schalding l.d.D.), Jürgen Grotke (Lz. Hauptwache) und Stefan Daller (Lz. Innstadt) konnte allerdings zum Schluss gejubelt werden und die Mühen hatten sich gelohnt. Alissa Hutwelker, Daniela Gottinger, Nadine Gottinger, Julia Johanson, Fabian Matijevic, Florian Knoll, Dennis Magdans, Felix Fuhs, Matthias Weigl (alle Stufe 1 &#8211; Bronze), Dorina Spannbauer, Oliver [&hellip;]
