{"version":"1.0","provider_name":"Feuerwehr Passau - L\u00f6schzug Innstadt","provider_url":"https:\/\/www.ffpassau.de\/innstadt","author_name":"Stefan Daller","author_url":"https:\/\/www.ffpassau.de\/innstadt\/author\/stefandaller\/","title":"Eine sch\u00f6ne Weihnachts-Tradition: das Friedenslicht - Feuerwehr Passau - L\u00f6schzug Innstadt","type":"rich","width":600,"height":338,"html":"<blockquote class=\"wp-embedded-content\" data-secret=\"rL5kuDO88m\"><a href=\"https:\/\/www.ffpassau.de\/innstadt\/2023\/12\/eine-schoene-weihnachts-tradition-das-friedenslicht\/\">Eine sch\u00f6ne Weihnachts-Tradition: das Friedenslicht<\/a><\/blockquote><iframe sandbox=\"allow-scripts\" security=\"restricted\" src=\"https:\/\/www.ffpassau.de\/innstadt\/2023\/12\/eine-schoene-weihnachts-tradition-das-friedenslicht\/embed\/#?secret=rL5kuDO88m\" width=\"600\" height=\"338\" title=\"&#8222;Eine sch\u00f6ne Weihnachts-Tradition: das Friedenslicht&#8220; &#8211; Feuerwehr Passau - L\u00f6schzug Innstadt\" data-secret=\"rL5kuDO88m\" frameborder=\"0\" marginwidth=\"0\" marginheight=\"0\" scrolling=\"no\" class=\"wp-embedded-content\"><\/iframe><script type=\"text\/javascript\">\n\/* <![CDATA[ *\/\n\/*! This file is auto-generated *\/\n!function(d,l){\"use strict\";l.querySelector&&d.addEventListener&&\"undefined\"!=typeof URL&&(d.wp=d.wp||{},d.wp.receiveEmbedMessage||(d.wp.receiveEmbedMessage=function(e){var t=e.data;if((t||t.secret||t.message||t.value)&&!\/[^a-zA-Z0-9]\/.test(t.secret)){for(var s,r,n,a=l.querySelectorAll('iframe[data-secret=\"'+t.secret+'\"]'),o=l.querySelectorAll('blockquote[data-secret=\"'+t.secret+'\"]'),c=new RegExp(\"^https?:$\",\"i\"),i=0;i<o.length;i++)o[i].style.display=\"none\";for(i=0;i<a.length;i++)s=a[i],e.source===s.contentWindow&&(s.removeAttribute(\"style\"),\"height\"===t.message?(1e3<(r=parseInt(t.value,10))?r=1e3:~~r<200&&(r=200),s.height=r):\"link\"===t.message&&(r=new URL(s.getAttribute(\"src\")),n=new URL(t.value),c.test(n.protocol))&&n.host===r.host&&l.activeElement===s&&(d.top.location.href=t.value))}},d.addEventListener(\"message\",d.wp.receiveEmbedMessage,!1),l.addEventListener(\"DOMContentLoaded\",function(){for(var e,t,s=l.querySelectorAll(\"iframe.wp-embedded-content\"),r=0;r<s.length;r++)(t=(e=s[r]).getAttribute(\"data-secret\"))||(t=Math.random().toString(36).substring(2,12),e.src+=\"#?secret=\"+t,e.setAttribute(\"data-secret\",t)),e.contentWindow.postMessage({message:\"ready\",secret:t},\"*\")},!1)))}(window,document);\n\/* ]]> *\/\n<\/script>\n","thumbnail_url":"https:\/\/www.ffpassau.de\/innstadt\/wp-content\/uploads\/sites\/2\/2023\/12\/friedenslicht-uebergabe-2023.jpg","thumbnail_width":965,"thumbnail_height":800,"description":"Seit 17 Jahren \u00fcberbringen Kameraden der Freiwilligen Feuerwehr Schardenberg immer am Morgen des 24. Dezember das Friedenslicht aus Bethlehem an ihre Freunde vom L\u00f6schzug Innstadt. Von hier aus geht das Licht dann weiter in die ganze Stadt. Dazu waren auch dieses Jahr wieder zahlreiche Abordnungen der Stadtteilfeuerwehren in die Innstadt gekommen. Genauso wie zahlreiche B\u00fcrgerinnen und B\u00fcrger holten sie sich das Friedenslicht im Ger\u00e4tehaus in der Jahnstra\u00dfe ab. Viele verweilten einen Moment, tranken eine Tasse Punsch und f\u00fchrten gute Gespr\u00e4che. Es ist eine sch\u00f6ne Weihnachts-Tradition \u2013 und ein St\u00fcck gelebter und grenz\u00fcberschreitender Feuerwehr-Partnerschaft!"}

Feuerwehr Passau - Löschzug Innstadt

Eine schöne Weihnachts-Tradition: das Friedenslicht - Feuerwehr Passau - Löschzug Innstadt

<blockquote class="wp-embedded-content" data-secret="rL5kuDO88m"><a href="https://www.ffpassau.de/innstadt/2023/12/eine-schoene-weihnachts-tradition-das-friedenslicht/">Eine schöne Weihnachts-Tradition: das Friedenslicht</a></blockquote><iframe sandbox="allow-scripts" security="restricted" src="https://www.ffpassau.de/innstadt/2023/12/eine-schoene-weihnachts-tradition-das-friedenslicht/embed/#?secret=rL5kuDO88m" width="600" height="338" title="&#8222;Eine schöne Weihnachts-Tradition: das Friedenslicht&#8220; &#8211; Feuerwehr Passau - Löschzug Innstadt" data-secret="rL5kuDO88m" frameborder="0" marginwidth="0" marginheight="0" scrolling="no" class="wp-embedded-content"></iframe><script type="text/javascript">
/* <![CDATA[ */
/*! This file is auto-generated */
!function(d,l){"use strict";l.querySelector&&d.addEventListener&&"undefined"!=typeof URL&&(d.wp=d.wp||{},d.wp.receiveEmbedMessage||(d.wp.receiveEmbedMessage=function(e){var t=e.data;if((t||t.secret||t.message||t.value)&&!/[^a-zA-Z0-9]/.test(t.secret)){for(var s,r,n,a=l.querySelectorAll('iframe[data-secret="'+t.secret+'"]'),o=l.querySelectorAll('blockquote[data-secret="'+t.secret+'"]'),c=new RegExp("^https?:$","i"),i=0;i<o.length;i++)o[i].style.display="none";for(i=0;i<a.length;i++)s=a[i],e.source===s.contentWindow&&(s.removeAttribute("style"),"height"===t.message?(1e3<(r=parseInt(t.value,10))?r=1e3:~~r<200&&(r=200),s.height=r):"link"===t.message&&(r=new URL(s.getAttribute("src")),n=new URL(t.value),c.test(n.protocol))&&n.host===r.host&&l.activeElement===s&&(d.top.location.href=t.value))}},d.addEventListener("message",d.wp.receiveEmbedMessage,!1),l.addEventListener("DOMContentLoaded",function(){for(var e,t,s=l.querySelectorAll("iframe.wp-embedded-content"),r=0;r<s.length;r++)(t=(e=s[r]).getAttribute("data-secret"))||(t=Math.random().toString(36).substring(2,12),e.src+="#?secret="+t,e.setAttribute("data-secret",t)),e.contentWindow.postMessage({message:"ready",secret:t},"*")},!1)))}(window,document);
/* ]]> */
</script>

Seit 17 Jahren überbringen Kameraden der Freiwilligen Feuerwehr Schardenberg immer am Morgen des 24. Dezember das Friedenslicht aus Bethlehem an ihre Freunde vom Löschzug Innstadt. Von hier aus geht das Licht dann weiter in die ganze Stadt. Dazu waren auch dieses Jahr wieder zahlreiche Abordnungen der Stadtteilfeuerwehren in die Innstadt gekommen. Genauso wie zahlreiche Bürgerinnen und Bürger holten sie sich das Friedenslicht im Gerätehaus in der Jahnstraße ab. Viele verweilten einen Moment, tranken eine Tasse Punsch und führten gute Gespräche. Es ist eine schöne Weihnachts-Tradition – und ein Stück gelebter und grenzüberschreitender Feuerwehr-Partnerschaft!
