{"version":"1.0","provider_name":"Feuerwehr Passau - L\u00f6schzug Innstadt","provider_url":"https:\/\/www.ffpassau.de\/innstadt","author_name":"Stefan Daller","author_url":"https:\/\/www.ffpassau.de\/innstadt\/author\/stefandaller\/","title":"Generationswechsel in der Innstadt - Feuerwehr Passau - L\u00f6schzug Innstadt","type":"rich","width":600,"height":338,"html":"<blockquote class=\"wp-embedded-content\" data-secret=\"FXnEu0pvFd\"><a href=\"https:\/\/www.ffpassau.de\/innstadt\/2025\/03\/generationswechsel-in-der-innstadt\/\">Generationswechsel in der Innstadt<\/a><\/blockquote><iframe sandbox=\"allow-scripts\" security=\"restricted\" src=\"https:\/\/www.ffpassau.de\/innstadt\/2025\/03\/generationswechsel-in-der-innstadt\/embed\/#?secret=FXnEu0pvFd\" width=\"600\" height=\"338\" title=\"&#8222;Generationswechsel in der Innstadt&#8220; &#8211; Feuerwehr Passau - L\u00f6schzug Innstadt\" data-secret=\"FXnEu0pvFd\" frameborder=\"0\" marginwidth=\"0\" marginheight=\"0\" scrolling=\"no\" class=\"wp-embedded-content\"><\/iframe><script type=\"text\/javascript\">\n\/* <![CDATA[ *\/\n\/*! This file is auto-generated *\/\n!function(d,l){\"use strict\";l.querySelector&&d.addEventListener&&\"undefined\"!=typeof URL&&(d.wp=d.wp||{},d.wp.receiveEmbedMessage||(d.wp.receiveEmbedMessage=function(e){var t=e.data;if((t||t.secret||t.message||t.value)&&!\/[^a-zA-Z0-9]\/.test(t.secret)){for(var s,r,n,a=l.querySelectorAll('iframe[data-secret=\"'+t.secret+'\"]'),o=l.querySelectorAll('blockquote[data-secret=\"'+t.secret+'\"]'),c=new RegExp(\"^https?:$\",\"i\"),i=0;i<o.length;i++)o[i].style.display=\"none\";for(i=0;i<a.length;i++)s=a[i],e.source===s.contentWindow&&(s.removeAttribute(\"style\"),\"height\"===t.message?(1e3<(r=parseInt(t.value,10))?r=1e3:~~r<200&&(r=200),s.height=r):\"link\"===t.message&&(r=new URL(s.getAttribute(\"src\")),n=new URL(t.value),c.test(n.protocol))&&n.host===r.host&&l.activeElement===s&&(d.top.location.href=t.value))}},d.addEventListener(\"message\",d.wp.receiveEmbedMessage,!1),l.addEventListener(\"DOMContentLoaded\",function(){for(var e,t,s=l.querySelectorAll(\"iframe.wp-embedded-content\"),r=0;r<s.length;r++)(t=(e=s[r]).getAttribute(\"data-secret\"))||(t=Math.random().toString(36).substring(2,12),e.src+=\"#?secret=\"+t,e.setAttribute(\"data-secret\",t)),e.contentWindow.postMessage({message:\"ready\",secret:t},\"*\")},!1)))}(window,document);\n\/* ]]> *\/\n<\/script>\n","thumbnail_url":"https:\/\/www.ffpassau.de\/innstadt\/wp-content\/uploads\/sites\/2\/2025\/03\/jhv25.jpg","thumbnail_width":1200,"thumbnail_height":800,"description":"Mit reichlich Emotionen gespickt war die Jahreshauptversammlung des L\u00f6schzugs Innstadt: Nach acht Jahren zog sich Gerhard Woller aus pers\u00f6nlichen Gr\u00fcnden als 1. Vorsitzender zur\u00fcck, nicht ohne ein klein wenig Wehmut. Mit ihm verabschiedete sich ein Gro\u00dfteil seiner F\u00fchrungsmannschaft aus dem Vorstand. Zum neuen Mann an der Spitze des Vereins w\u00e4hlten die 51 anwesenden Mitglieder mit gro\u00dfer Mehrheit den bisherigen Schriftf\u00fchrer Stefan Daller. In den 25 Jahren seit Bestehen des Vereins sei er erst der vierte in diesem Amt, f\u00fchrte der neugew\u00e4hlte Vorsitzende in seiner Antrittsrede aus. \u201eDas spricht f\u00fcr unsere Stabilit\u00e4t als Zug und als Verein, f\u00fcr unsern Zusammenhalt als Mannschaft und als Kameraden, das spricht f\u00fcr uns als Innstadt!\u201c, f\u00fchrte Daller leidenschaftlich aus. F\u00fcr ihn seien eben diese Stabilit\u00e4t und dieser Zusammenhalt zentrale Aspekte eines gelingenden Zusammenwirkens \u2013 im L\u00f6schzug, aber auch dar\u00fcber hinaus \u2013 und er freue sich [&hellip;]"}

Feuerwehr Passau - Löschzug Innstadt

Generationswechsel in der Innstadt - Feuerwehr Passau - Löschzug Innstadt

<blockquote class="wp-embedded-content" data-secret="FXnEu0pvFd"><a href="https://www.ffpassau.de/innstadt/2025/03/generationswechsel-in-der-innstadt/">Generationswechsel in der Innstadt</a></blockquote><iframe sandbox="allow-scripts" security="restricted" src="https://www.ffpassau.de/innstadt/2025/03/generationswechsel-in-der-innstadt/embed/#?secret=FXnEu0pvFd" width="600" height="338" title="&#8222;Generationswechsel in der Innstadt&#8220; &#8211; Feuerwehr Passau - Löschzug Innstadt" data-secret="FXnEu0pvFd" frameborder="0" marginwidth="0" marginheight="0" scrolling="no" class="wp-embedded-content"></iframe><script type="text/javascript">
/* <![CDATA[ */
/*! This file is auto-generated */
!function(d,l){"use strict";l.querySelector&&d.addEventListener&&"undefined"!=typeof URL&&(d.wp=d.wp||{},d.wp.receiveEmbedMessage||(d.wp.receiveEmbedMessage=function(e){var t=e.data;if((t||t.secret||t.message||t.value)&&!/[^a-zA-Z0-9]/.test(t.secret)){for(var s,r,n,a=l.querySelectorAll('iframe[data-secret="'+t.secret+'"]'),o=l.querySelectorAll('blockquote[data-secret="'+t.secret+'"]'),c=new RegExp("^https?:$","i"),i=0;i<o.length;i++)o[i].style.display="none";for(i=0;i<a.length;i++)s=a[i],e.source===s.contentWindow&&(s.removeAttribute("style"),"height"===t.message?(1e3<(r=parseInt(t.value,10))?r=1e3:~~r<200&&(r=200),s.height=r):"link"===t.message&&(r=new URL(s.getAttribute("src")),n=new URL(t.value),c.test(n.protocol))&&n.host===r.host&&l.activeElement===s&&(d.top.location.href=t.value))}},d.addEventListener("message",d.wp.receiveEmbedMessage,!1),l.addEventListener("DOMContentLoaded",function(){for(var e,t,s=l.querySelectorAll("iframe.wp-embedded-content"),r=0;r<s.length;r++)(t=(e=s[r]).getAttribute("data-secret"))||(t=Math.random().toString(36).substring(2,12),e.src+="#?secret="+t,e.setAttribute("data-secret",t)),e.contentWindow.postMessage({message:"ready",secret:t},"*")},!1)))}(window,document);
/* ]]> */
</script>

Mit reichlich Emotionen gespickt war die Jahreshauptversammlung des Löschzugs Innstadt: Nach acht Jahren zog sich Gerhard Woller aus persönlichen Gründen als 1. Vorsitzender zurück, nicht ohne ein klein wenig Wehmut. Mit ihm verabschiedete sich ein Großteil seiner Führungsmannschaft aus dem Vorstand. Zum neuen Mann an der Spitze des Vereins wählten die 51 anwesenden Mitglieder mit großer Mehrheit den bisherigen Schriftführer Stefan Daller. In den 25 Jahren seit Bestehen des Vereins sei er erst der vierte in diesem Amt, führte der neugewählte Vorsitzende in seiner Antrittsrede aus. „Das spricht für unsere Stabilität als Zug und als Verein, für unsern Zusammenhalt als Mannschaft und als Kameraden, das spricht für uns als Innstadt!“, führte Daller leidenschaftlich aus. Für ihn seien eben diese Stabilität und dieser Zusammenhalt zentrale Aspekte eines gelingenden Zusammenwirkens – im Löschzug, aber auch darüber hinaus – und er freue sich [&hellip;]
